{"id":1498,"date":"2021-02-10T10:42:09","date_gmt":"2021-02-10T09:42:09","guid":{"rendered":"https:\/\/hawai.li\/mbal\/expo\/andre-evrard\/"},"modified":"2024-10-23T14:12:43","modified_gmt":"2024-10-23T12:12:43","slug":"andre-evrard","status":"publish","type":"exposition","link":"https:\/\/www.mbal.ch\/en\/expo\/andre-evrard\/","title":{"rendered":"Andr\u00e9 Evrard"},"content":{"rendered":"\n<h1 class=\"wp-block-heading\">Rhythmic Suites<\/h1>\n\n\n\n<p>The Museum of Fine Arts Le Locle is marking the 80<sup>th\u00a0<\/sup>birthday of Swiss artist <strong>Andr\u00e9 Evrard<\/strong> by dedicating\u00a0a tribute exhibition to him. This exhibition combines paintings and engravings. Over his long career, Andr\u00e9 Evrard has built up a seamless and remarkably unified body of work that is both meticulous and assertive. The slow, controlled evolution of his compositions gives us a glimpse of his strong attraction to the rhythms and beats of classical and minimalist music. Their characteristic repetitions are also found in the continual variations in his work, driven by the creative energy of this music-loving artist. This exhibition covers 40 years of his work.<\/p>\n\n\n\n<p><em>All our exhibitions were supported by the Loterie Romande,&nbsp;the Ernst G\u00f6hner Stiftung, the Ernst und Olga Gubler-Habl\u00fctzel Stiftung, Pro Helvetia and the Casino of Neuch\u00e2tel Foundation.<\/em><\/p>\n","protected":false},"featured_media":1071,"template":"","class_list":["post-1498","exposition","type-exposition","status-publish","has-post-thumbnail","hentry"],"acf":[],"yoast_head":"<!-- This site is optimized with the Yoast SEO plugin v27.4 - https:\/\/yoast.com\/product\/yoast-seo-wordpress\/ -->\n<title>Andr\u00e9 Evrard - MBAL<\/title>\n<meta name=\"robots\" content=\"index, follow, max-snippet:-1, max-image-preview:large, max-video-preview:-1\" \/>\n<link rel=\"canonical\" href=\"https:\/\/www.mbal.ch\/en\/expo\/andre-evrard\/\" \/>\n<meta property=\"og:locale\" content=\"en_US\" \/>\n<meta property=\"og:type\" content=\"article\" \/>\n<meta property=\"og:title\" content=\"Andr\u00e9 Evrard - MBAL\" \/>\n<meta property=\"og:description\" content=\"Rhythmic Suites The Museum of Fine Arts Le Locle is marking the 80th\u00a0birthday of Swiss artist Andr\u00e9 Evrard by dedicating\u00a0a tribute exhibition to him. This exhibition combines paintings and engravings. Over his long career, Andr\u00e9 Evrard has built up a seamless and remarkably unified body of work that is both meticulous and assertive. The slow, [&hellip;]\" \/>\n<meta property=\"og:url\" content=\"https:\/\/www.mbal.ch\/en\/expo\/andre-evrard\/\" \/>\n<meta property=\"og:site_name\" content=\"MBAL\" \/>\n<meta property=\"article:publisher\" content=\"https:\/\/www.facebook.com\/mbalelocle\/?fref=ts\" \/>\n<meta property=\"article:modified_time\" content=\"2024-10-23T12:12:43+00:00\" \/>\n<meta property=\"og:image\" content=\"https:\/\/www.mbal.ch\/mbalwp\/wp-content\/uploads\/2021\/02\/Sans-titre-2002.-cAndre-Evrard.-Photo-Pierre-Bohrer-Copie2-697x1024.jpg\" \/>\n\t<meta property=\"og:image:width\" content=\"697\" \/>\n\t<meta property=\"og:image:height\" content=\"1024\" \/>\n\t<meta property=\"og:image:type\" content=\"image\/jpeg\" \/>\n<meta name=\"twitter:card\" content=\"summary_large_image\" \/>\n<meta name=\"twitter:label1\" content=\"Est. reading time\" \/>\n\t<meta name=\"twitter:data1\" content=\"1 minute\" \/>\n<script type=\"application\/ld+json\" class=\"yoast-schema-graph\">{\"@context\":\"https:\\\/\\\/schema.org\",\"@graph\":[{\"@type\":\"WebPage\",\"@id\":\"https:\\\/\\\/www.mbal.ch\\\/en\\\/expo\\\/andre-evrard\\\/\",\"url\":\"https:\\\/\\\/www.mbal.ch\\\/en\\\/expo\\\/andre-evrard\\\/\",\"name\":\"Andr\u00e9 Evrard - MBAL\",\"isPartOf\":{\"@id\":\"https:\\\/\\\/www.mbal.ch\\\/#website\"},\"primaryImageOfPage\":{\"@id\":\"https:\\\/\\\/www.mbal.ch\\\/en\\\/expo\\\/andre-evrard\\\/#primaryimage\"},\"image\":{\"@id\":\"https:\\\/\\\/www.mbal.ch\\\/en\\\/expo\\\/andre-evrard\\\/#primaryimage\"},\"thumbnailUrl\":\"https:\\\/\\\/www.mbal.ch\\\/mbalwp\\\/wp-content\\\/uploads\\\/2021\\\/02\\\/Sans-titre-2002.-cAndre-Evrard.-Photo-Pierre-Bohrer-Copie2.jpg\",\"datePublished\":\"2021-02-10T09:42:09+00:00\",\"dateModified\":\"2024-10-23T12:12:43+00:00\",\"breadcrumb\":{\"@id\":\"https:\\\/\\\/www.mbal.ch\\\/en\\\/expo\\\/andre-evrard\\\/#breadcrumb\"},\"inLanguage\":\"en-US\",\"potentialAction\":[{\"@type\":\"ReadAction\",\"target\":[\"https:\\\/\\\/www.mbal.ch\\\/en\\\/expo\\\/andre-evrard\\\/\"]}]},{\"@type\":\"ImageObject\",\"inLanguage\":\"en-US\",\"@id\":\"https:\\\/\\\/www.mbal.ch\\\/en\\\/expo\\\/andre-evrard\\\/#primaryimage\",\"url\":\"https:\\\/\\\/www.mbal.ch\\\/mbalwp\\\/wp-content\\\/uploads\\\/2021\\\/02\\\/Sans-titre-2002.-cAndre-Evrard.-Photo-Pierre-Bohrer-Copie2.jpg\",\"contentUrl\":\"https:\\\/\\\/www.mbal.ch\\\/mbalwp\\\/wp-content\\\/uploads\\\/2021\\\/02\\\/Sans-titre-2002.-cAndre-Evrard.-Photo-Pierre-Bohrer-Copie2.jpg\",\"width\":1527,\"height\":2242,\"caption\":\"Sans titre, 2002 \u00a9 Andr\u00e9 Evrard. Photographie Pierre Bohrer\"},{\"@type\":\"BreadcrumbList\",\"@id\":\"https:\\\/\\\/www.mbal.ch\\\/en\\\/expo\\\/andre-evrard\\\/#breadcrumb\",\"itemListElement\":[{\"@type\":\"ListItem\",\"position\":1,\"name\":\"Accueil\",\"item\":\"https:\\\/\\\/www.mbal.ch\\\/en\\\/\"},{\"@type\":\"ListItem\",\"position\":2,\"name\":\"Andr\u00e9 Evrard\"}]},{\"@type\":\"WebSite\",\"@id\":\"https:\\\/\\\/www.mbal.ch\\\/#website\",\"url\":\"https:\\\/\\\/www.mbal.ch\\\/\",\"name\":\"MBAL\",\"description\":\"Mus\u00e9e des beaux-arts du Locle\",\"publisher\":{\"@id\":\"https:\\\/\\\/www.mbal.ch\\\/#organization\"},\"potentialAction\":[{\"@type\":\"SearchAction\",\"target\":{\"@type\":\"EntryPoint\",\"urlTemplate\":\"https:\\\/\\\/www.mbal.ch\\\/?s={search_term_string}\"},\"query-input\":{\"@type\":\"PropertyValueSpecification\",\"valueRequired\":true,\"valueName\":\"search_term_string\"}}],\"inLanguage\":\"en-US\"},{\"@type\":\"Organization\",\"@id\":\"https:\\\/\\\/www.mbal.ch\\\/#organization\",\"name\":\"Mus\u00e9e des beaux-arts du Locle\",\"url\":\"https:\\\/\\\/www.mbal.ch\\\/\",\"logo\":{\"@type\":\"ImageObject\",\"inLanguage\":\"en-US\",\"@id\":\"https:\\\/\\\/www.mbal.ch\\\/#\\\/schema\\\/logo\\\/image\\\/\",\"url\":\"https:\\\/\\\/www.mbal.ch\\\/mbalwp\\\/wp-content\\\/uploads\\\/2021\\\/01\\\/cropped-favicon_mbal.png\",\"contentUrl\":\"https:\\\/\\\/www.mbal.ch\\\/mbalwp\\\/wp-content\\\/uploads\\\/2021\\\/01\\\/cropped-favicon_mbal.png\",\"width\":512,\"height\":512,\"caption\":\"Mus\u00e9e des beaux-arts du Locle\"},\"image\":{\"@id\":\"https:\\\/\\\/www.mbal.ch\\\/#\\\/schema\\\/logo\\\/image\\\/\"},\"sameAs\":[\"https:\\\/\\\/www.facebook.com\\\/mbalelocle\\\/?fref=ts\",\"https:\\\/\\\/www.instagram.com\\\/mbalelocle\\\/\"]}]}<\/script>\n<!-- \/ Yoast SEO plugin. -->","yoast_head_json":{"title":"Andr\u00e9 Evrard - MBAL","robots":{"index":"index","follow":"follow","max-snippet":"max-snippet:-1","max-image-preview":"max-image-preview:large","max-video-preview":"max-video-preview:-1"},"canonical":"https:\/\/www.mbal.ch\/en\/expo\/andre-evrard\/","og_locale":"en_US","og_type":"article","og_title":"Andr\u00e9 Evrard - MBAL","og_description":"Rhythmic Suites The Museum of Fine Arts Le Locle is marking the 80th\u00a0birthday of Swiss artist Andr\u00e9 Evrard by dedicating\u00a0a tribute exhibition to him. This exhibition combines paintings and engravings. Over his long career, Andr\u00e9 Evrard has built up a seamless and remarkably unified body of work that is both meticulous and assertive. The slow, [&hellip;]","og_url":"https:\/\/www.mbal.ch\/en\/expo\/andre-evrard\/","og_site_name":"MBAL","article_publisher":"https:\/\/www.facebook.com\/mbalelocle\/?fref=ts","article_modified_time":"2024-10-23T12:12:43+00:00","og_image":[{"width":697,"height":1024,"url":"https:\/\/www.mbal.ch\/mbalwp\/wp-content\/uploads\/2021\/02\/Sans-titre-2002.-cAndre-Evrard.-Photo-Pierre-Bohrer-Copie2-697x1024.jpg","type":"image\/jpeg"}],"twitter_card":"summary_large_image","twitter_misc":{"Est. reading time":"1 minute"},"schema":{"@context":"https:\/\/schema.org","@graph":[{"@type":"WebPage","@id":"https:\/\/www.mbal.ch\/en\/expo\/andre-evrard\/","url":"https:\/\/www.mbal.ch\/en\/expo\/andre-evrard\/","name":"Andr\u00e9 Evrard - MBAL","isPartOf":{"@id":"https:\/\/www.mbal.ch\/#website"},"primaryImageOfPage":{"@id":"https:\/\/www.mbal.ch\/en\/expo\/andre-evrard\/#primaryimage"},"image":{"@id":"https:\/\/www.mbal.ch\/en\/expo\/andre-evrard\/#primaryimage"},"thumbnailUrl":"https:\/\/www.mbal.ch\/mbalwp\/wp-content\/uploads\/2021\/02\/Sans-titre-2002.-cAndre-Evrard.-Photo-Pierre-Bohrer-Copie2.jpg","datePublished":"2021-02-10T09:42:09+00:00","dateModified":"2024-10-23T12:12:43+00:00","breadcrumb":{"@id":"https:\/\/www.mbal.ch\/en\/expo\/andre-evrard\/#breadcrumb"},"inLanguage":"en-US","potentialAction":[{"@type":"ReadAction","target":["https:\/\/www.mbal.ch\/en\/expo\/andre-evrard\/"]}]},{"@type":"ImageObject","inLanguage":"en-US","@id":"https:\/\/www.mbal.ch\/en\/expo\/andre-evrard\/#primaryimage","url":"https:\/\/www.mbal.ch\/mbalwp\/wp-content\/uploads\/2021\/02\/Sans-titre-2002.-cAndre-Evrard.-Photo-Pierre-Bohrer-Copie2.jpg","contentUrl":"https:\/\/www.mbal.ch\/mbalwp\/wp-content\/uploads\/2021\/02\/Sans-titre-2002.-cAndre-Evrard.-Photo-Pierre-Bohrer-Copie2.jpg","width":1527,"height":2242,"caption":"Sans titre, 2002 \u00a9 Andr\u00e9 Evrard. Photographie Pierre Bohrer"},{"@type":"BreadcrumbList","@id":"https:\/\/www.mbal.ch\/en\/expo\/andre-evrard\/#breadcrumb","itemListElement":[{"@type":"ListItem","position":1,"name":"Accueil","item":"https:\/\/www.mbal.ch\/en\/"},{"@type":"ListItem","position":2,"name":"Andr\u00e9 Evrard"}]},{"@type":"WebSite","@id":"https:\/\/www.mbal.ch\/#website","url":"https:\/\/www.mbal.ch\/","name":"MBAL","description":"Mus\u00e9e des beaux-arts du Locle","publisher":{"@id":"https:\/\/www.mbal.ch\/#organization"},"potentialAction":[{"@type":"SearchAction","target":{"@type":"EntryPoint","urlTemplate":"https:\/\/www.mbal.ch\/?s={search_term_string}"},"query-input":{"@type":"PropertyValueSpecification","valueRequired":true,"valueName":"search_term_string"}}],"inLanguage":"en-US"},{"@type":"Organization","@id":"https:\/\/www.mbal.ch\/#organization","name":"Mus\u00e9e des beaux-arts du Locle","url":"https:\/\/www.mbal.ch\/","logo":{"@type":"ImageObject","inLanguage":"en-US","@id":"https:\/\/www.mbal.ch\/#\/schema\/logo\/image\/","url":"https:\/\/www.mbal.ch\/mbalwp\/wp-content\/uploads\/2021\/01\/cropped-favicon_mbal.png","contentUrl":"https:\/\/www.mbal.ch\/mbalwp\/wp-content\/uploads\/2021\/01\/cropped-favicon_mbal.png","width":512,"height":512,"caption":"Mus\u00e9e des beaux-arts du Locle"},"image":{"@id":"https:\/\/www.mbal.ch\/#\/schema\/logo\/image\/"},"sameAs":["https:\/\/www.facebook.com\/mbalelocle\/?fref=ts","https:\/\/www.instagram.com\/mbalelocle\/"]}]}},"_links":{"self":[{"href":"https:\/\/www.mbal.ch\/en\/wp-json\/wp\/v2\/exposition\/1498","targetHints":{"allow":["GET"]}}],"collection":[{"href":"https:\/\/www.mbal.ch\/en\/wp-json\/wp\/v2\/exposition"}],"about":[{"href":"https:\/\/www.mbal.ch\/en\/wp-json\/wp\/v2\/types\/exposition"}],"wp:featuredmedia":[{"embeddable":true,"href":"https:\/\/www.mbal.ch\/en\/wp-json\/wp\/v2\/media\/1071"}],"wp:attachment":[{"href":"https:\/\/www.mbal.ch\/en\/wp-json\/wp\/v2\/media?parent=1498"}],"curies":[{"name":"wp","href":"https:\/\/api.w.org\/{rel}","templated":true}]}}

André Evrard

<h1 class="wp-block-heading">Rhythmic Suites</h1>



<p>The Museum of Fine Arts Le Locle is marking the 80<sup>th </sup>birthday of Swiss artist <strong>André Evrard</strong> by dedicating a tribute exhibition to him. This exhibition combines paintings and engravings. Over his long career, André Evrard has built up a seamless and remarkably unified body of work that is both meticulous and assertive. The slow, controlled evolution of his compositions gives us a glimpse of his strong attraction to the rhythms and beats of classical and minimalist music. Their characteristic repetitions are also found in the continual variations in his work, driven by the creative energy of this music-loving artist. This exhibition covers 40 years of his work.</p>



<p><em>All our exhibitions were supported by the Loterie Romande,&nbsp;the Ernst Göhner Stiftung, the Ernst und Olga Gubler-Hablützel Stiftung, Pro Helvetia and the Casino of Neuchâtel Foundation.</em></p>

<!-- This site is optimized with the Yoast SEO plugin v27.4 - https://yoast.com/product/yoast-seo-wordpress/ -->
<title>André Evrard - MBAL</title>
<meta name="robots" content="index, follow, max-snippet:-1, max-image-preview:large, max-video-preview:-1" />
<link rel="canonical" href="https://www.mbal.ch/en/expo/andre-evrard/" />
<meta property="og:locale" content="en_US" />
<meta property="og:type" content="article" />
<meta property="og:title" content="André Evrard - MBAL" />
<meta property="og:description" content="Rhythmic Suites The Museum of Fine Arts Le Locle is marking the 80th birthday of Swiss artist André Evrard by dedicating a tribute exhibition to him. This exhibition combines paintings and engravings. Over his long career, André Evrard has built up a seamless and remarkably unified body of work that is both meticulous and assertive. The slow, [&hellip;]" />
<meta property="og:url" content="https://www.mbal.ch/en/expo/andre-evrard/" />
<meta property="og:site_name" content="MBAL" />
<meta property="article:publisher" content="https://www.facebook.com/mbalelocle/?fref=ts" />
<meta property="article:modified_time" content="2024-10-23T12:12:43+00:00" />
<meta property="og:image" content="https://www.mbal.ch/mbalwp/wp-content/uploads/2021/02/Sans-titre-2002.-cAndre-Evrard.-Photo-Pierre-Bohrer-Copie2-697x1024.jpg" />
	<meta property="og:image:width" content="697" />
	<meta property="og:image:height" content="1024" />
	<meta property="og:image:type" content="image/jpeg" />
<meta name="twitter:card" content="summary_large_image" />
<meta name="twitter:label1" content="Est. reading time" />
	<meta name="twitter:data1" content="1 minute" />
<script type="application/ld+json" class="yoast-schema-graph">{"@context":"https:\/\/schema.org","@graph":[{"@type":"WebPage","@id":"https:\/\/www.mbal.ch\/en\/expo\/andre-evrard\/","url":"https:\/\/www.mbal.ch\/en\/expo\/andre-evrard\/","name":"André Evrard - MBAL","isPartOf":{"@id":"https:\/\/www.mbal.ch\/#website"},"primaryImageOfPage":{"@id":"https:\/\/www.mbal.ch\/en\/expo\/andre-evrard\/#primaryimage"},"image":{"@id":"https:\/\/www.mbal.ch\/en\/expo\/andre-evrard\/#primaryimage"},"thumbnailUrl":"https:\/\/www.mbal.ch\/mbalwp\/wp-content\/uploads\/2021\/02\/Sans-titre-2002.-cAndre-Evrard.-Photo-Pierre-Bohrer-Copie2.jpg","datePublished":"2021-02-10T09:42:09+00:00","dateModified":"2024-10-23T12:12:43+00:00","breadcrumb":{"@id":"https:\/\/www.mbal.ch\/en\/expo\/andre-evrard\/#breadcrumb"},"inLanguage":"en-US","potentialAction":[{"@type":"ReadAction","target":["https:\/\/www.mbal.ch\/en\/expo\/andre-evrard\/"]}]},{"@type":"ImageObject","inLanguage":"en-US","@id":"https:\/\/www.mbal.ch\/en\/expo\/andre-evrard\/#primaryimage","url":"https:\/\/www.mbal.ch\/mbalwp\/wp-content\/uploads\/2021\/02\/Sans-titre-2002.-cAndre-Evrard.-Photo-Pierre-Bohrer-Copie2.jpg","contentUrl":"https:\/\/www.mbal.ch\/mbalwp\/wp-content\/uploads\/2021\/02\/Sans-titre-2002.-cAndre-Evrard.-Photo-Pierre-Bohrer-Copie2.jpg","width":1527,"height":2242,"caption":"Sans titre, 2002 © André Evrard. Photographie Pierre Bohrer"},{"@type":"BreadcrumbList","@id":"https:\/\/www.mbal.ch\/en\/expo\/andre-evrard\/#breadcrumb","itemListElement":[{"@type":"ListItem","position":1,"name":"Accueil","item":"https:\/\/www.mbal.ch\/en\/"},{"@type":"ListItem","position":2,"name":"André Evrard"}]},{"@type":"WebSite","@id":"https:\/\/www.mbal.ch\/#website","url":"https:\/\/www.mbal.ch\/","name":"MBAL","description":"Musée des beaux-arts du Locle","publisher":{"@id":"https:\/\/www.mbal.ch\/#organization"},"potentialAction":[{"@type":"SearchAction","target":{"@type":"EntryPoint","urlTemplate":"https:\/\/www.mbal.ch\/?s={search_term_string}"},"query-input":{"@type":"PropertyValueSpecification","valueRequired":true,"valueName":"search_term_string"}}],"inLanguage":"en-US"},{"@type":"Organization","@id":"https:\/\/www.mbal.ch\/#organization","name":"Musée des beaux-arts du Locle","url":"https:\/\/www.mbal.ch\/","logo":{"@type":"ImageObject","inLanguage":"en-US","@id":"https:\/\/www.mbal.ch\/#\/schema\/logo\/image\/","url":"https:\/\/www.mbal.ch\/mbalwp\/wp-content\/uploads\/2021\/01\/cropped-favicon_mbal.png","contentUrl":"https:\/\/www.mbal.ch\/mbalwp\/wp-content\/uploads\/2021\/01\/cropped-favicon_mbal.png","width":512,"height":512,"caption":"Musée des beaux-arts du Locle"},"image":{"@id":"https:\/\/www.mbal.ch\/#\/schema\/logo\/image\/"},"sameAs":["https:\/\/www.facebook.com\/mbalelocle\/?fref=ts","https:\/\/www.instagram.com\/mbalelocle\/"]}]}</script>
<!-- / Yoast SEO plugin. -->

André Evrard - MBAL

Rhythmic Suites The Museum of Fine Arts Le Locle is marking the 80th birthday of Swiss artist André Evrard by dedicating a tribute exhibition to him. This exhibition combines paintings and engravings. Over his long career, André Evrard has built up a seamless and remarkably unified body of work that is both meticulous and assertive. The slow, [&hellip;]

Sans titre, 2002 © André Evrard. Photographie Pierre Bohrer

Musée des beaux-arts du Locle
