{"id":1414,"date":"2021-02-12T10:32:39","date_gmt":"2021-02-12T09:32:39","guid":{"rendered":"https:\/\/hawai.li\/mbal\/expo\/beat-streuli\/"},"modified":"2024-10-23T14:02:57","modified_gmt":"2024-10-23T12:02:57","slug":"beat-streuli","status":"publish","type":"exposition","link":"https:\/\/www.mbal.ch\/en\/expo\/beat-streuli\/","title":{"rendered":"Beat Streuli"},"content":{"rendered":"\n<h1 class=\"wp-block-heading\">Manhattan 17<\/h1>\n\n\n\n<p>La photographie de rue a une longue tradition dans l\u2019histoire de la photographie. Passants, architecture, agitation de la rue fascinent depuis longtemps les photographes qui se m\u00ealent \u00e0 la foule tout en pr\u00eatant un oeil attentif \u00e0 ce qui les entoure. Depuis trente ans, Beat Streuli (Suisse, 1957) dirige sa cam\u00e9ra sur les habitants des villes alors m\u00eame qu\u2019ils sont absorb\u00e9s dans leur quotidien. C\u2019est bien un int\u00e9r\u00eat pour l\u2019humain qui est au coeur de sa pratique. Les grandes m\u00e9tropoles de notre monde globalis\u00e9 fourmillent de gens et l\u2019espace public est le lieu o\u00f9 les anonymes se croisent. Chez Streuli, la r\u00e9alit\u00e9 quotidienne de ces passants devient formes, couleurs, rythmes, collages. Install\u00e9e sur la fa\u00e7ade du mus\u00e9e, l\u2019oeuvre monumentale de Beat Streuli interroge la puissance d\u2019accumulation des images. Alors qu\u2019aujourd\u2019hui l\u2019agitation du monde vient \u00e0 nous \u00e0 travers nos petits \u00e9crans, Streuli arr\u00eate le regard par ce jeu d\u2019\u00e9chelle imposant et en pla\u00e7ant l\u2019humain au centre de l\u2019image. L\u2019oeuvre, qui s\u2019agence en une suite de portraits qui pourrait s\u2019\u00e9tendre \u00e0 l\u2019infini, n\u2019est pas sans rappeler les \u00e9crans de cin\u00e9ma ou les publicit\u00e9s qui recouvrent les murs de nos villes. Au MBAL, nous avons \u00e0 coeur de sortir l\u2019art de sa tour d\u2019ivoire et de questionner les enjeux qui traversent notre soci\u00e9t\u00e9.&nbsp;<\/p>\n\n\n\n<h2 class=\"wp-block-heading\"><strong>Biographie<\/strong><\/h2>\n\n\n\n<p>N\u00e9 \u00e0 Altdorf,&nbsp;<strong>Beat Streuli<\/strong>&nbsp;(Suisse, 1957) s\u2019installe en Allemagne, \u00e0 Berlin d\u2019abord, puis \u00e0 D\u00fcsseldorf. Durant les ann\u00e9es 1990, son travail est expos\u00e9 dans des lieux prestigieux, notamment au MoMa de New York, au Mus\u00e9e d\u2019Art Moderne de la ville de Paris et au Mus\u00e9e d\u2019art contemporain de Barcelone. Il prend \u00e9galement part \u00e0 de nombreuses biennales internationales et, \u00e0 partir de 2000, d\u00e9veloppe ses projets photographiques sur les cinq continents. A c\u00f4t\u00e9 de son activit\u00e9 artistique, Beat Streuli enseigne de 2012 \u00e0 2018 \u00e0 la Haute \u00c9cole d\u2019art de Zurich. De nos jours, son travail est pr\u00e9sent\u00e9 sous la forme d\u2019installations monumentales permanentes \u00e0 l\u2019A\u00e9roport de Francfort-sur-le-Main, au Palais de Tokyo \u00e0 Paris ou encore \u00e0 l\u2019\u00c9cole polytechnique f\u00e9d\u00e9rale de Zurich .<\/p>\n","protected":false},"featured_media":1248,"template":"","class_list":["post-1414","exposition","type-exposition","status-publish","has-post-thumbnail","hentry"],"acf":[],"yoast_head":"<!-- This site is optimized with the Yoast SEO plugin v27.4 - https:\/\/yoast.com\/product\/yoast-seo-wordpress\/ -->\n<title>Beat Streuli - MBAL<\/title>\n<meta name=\"robots\" content=\"index, follow, max-snippet:-1, max-image-preview:large, max-video-preview:-1\" \/>\n<link rel=\"canonical\" href=\"https:\/\/www.mbal.ch\/en\/expo\/beat-streuli\/\" \/>\n<meta property=\"og:locale\" content=\"en_US\" \/>\n<meta property=\"og:type\" content=\"article\" \/>\n<meta property=\"og:title\" content=\"Beat Streuli - MBAL\" \/>\n<meta property=\"og:description\" content=\"Manhattan 17 La photographie de rue a une longue tradition dans l\u2019histoire de la photographie. Passants, architecture, agitation de la rue fascinent depuis longtemps les photographes qui se m\u00ealent \u00e0 la foule tout en pr\u00eatant un oeil attentif \u00e0 ce qui les entoure. Depuis trente ans, Beat Streuli (Suisse, 1957) dirige sa cam\u00e9ra sur les [&hellip;]\" \/>\n<meta property=\"og:url\" content=\"https:\/\/www.mbal.ch\/en\/expo\/beat-streuli\/\" \/>\n<meta property=\"og:site_name\" content=\"MBAL\" \/>\n<meta property=\"article:publisher\" content=\"https:\/\/www.facebook.com\/mbalelocle\/?fref=ts\" \/>\n<meta property=\"article:modified_time\" content=\"2024-10-23T12:02:57+00:00\" \/>\n<meta property=\"og:image\" content=\"https:\/\/www.mbal.ch\/mbalwp\/wp-content\/uploads\/2021\/02\/beat_flyer_avec_un_peu_de_marge_en_haut_et_en_bas-copie-scaled.jpg\" \/>\n\t<meta property=\"og:image:width\" content=\"2560\" \/>\n\t<meta property=\"og:image:height\" content=\"2491\" \/>\n\t<meta property=\"og:image:type\" content=\"image\/jpeg\" \/>\n<meta name=\"twitter:card\" content=\"summary_large_image\" \/>\n<meta name=\"twitter:label1\" content=\"Est. reading time\" \/>\n\t<meta name=\"twitter:data1\" content=\"2 minutes\" \/>\n<script type=\"application\/ld+json\" class=\"yoast-schema-graph\">{\"@context\":\"https:\\\/\\\/schema.org\",\"@graph\":[{\"@type\":\"WebPage\",\"@id\":\"https:\\\/\\\/www.mbal.ch\\\/en\\\/expo\\\/beat-streuli\\\/\",\"url\":\"https:\\\/\\\/www.mbal.ch\\\/en\\\/expo\\\/beat-streuli\\\/\",\"name\":\"Beat Streuli - MBAL\",\"isPartOf\":{\"@id\":\"https:\\\/\\\/www.mbal.ch\\\/#website\"},\"primaryImageOfPage\":{\"@id\":\"https:\\\/\\\/www.mbal.ch\\\/en\\\/expo\\\/beat-streuli\\\/#primaryimage\"},\"image\":{\"@id\":\"https:\\\/\\\/www.mbal.ch\\\/en\\\/expo\\\/beat-streuli\\\/#primaryimage\"},\"thumbnailUrl\":\"https:\\\/\\\/www.mbal.ch\\\/mbalwp\\\/wp-content\\\/uploads\\\/2021\\\/02\\\/beat_flyer_avec_un_peu_de_marge_en_haut_et_en_bas-copie-scaled.jpg\",\"datePublished\":\"2021-02-12T09:32:39+00:00\",\"dateModified\":\"2024-10-23T12:02:57+00:00\",\"breadcrumb\":{\"@id\":\"https:\\\/\\\/www.mbal.ch\\\/en\\\/expo\\\/beat-streuli\\\/#breadcrumb\"},\"inLanguage\":\"en-US\",\"potentialAction\":[{\"@type\":\"ReadAction\",\"target\":[\"https:\\\/\\\/www.mbal.ch\\\/en\\\/expo\\\/beat-streuli\\\/\"]}]},{\"@type\":\"ImageObject\",\"inLanguage\":\"en-US\",\"@id\":\"https:\\\/\\\/www.mbal.ch\\\/en\\\/expo\\\/beat-streuli\\\/#primaryimage\",\"url\":\"https:\\\/\\\/www.mbal.ch\\\/mbalwp\\\/wp-content\\\/uploads\\\/2021\\\/02\\\/beat_flyer_avec_un_peu_de_marge_en_haut_et_en_bas-copie-scaled.jpg\",\"contentUrl\":\"https:\\\/\\\/www.mbal.ch\\\/mbalwp\\\/wp-content\\\/uploads\\\/2021\\\/02\\\/beat_flyer_avec_un_peu_de_marge_en_haut_et_en_bas-copie-scaled.jpg\",\"width\":2560,\"height\":2491,\"caption\":\"\u00a9 Beat Streuli, Manhattan 17, 2020. Tous droits r\u00e9serv\u00e9s.\"},{\"@type\":\"BreadcrumbList\",\"@id\":\"https:\\\/\\\/www.mbal.ch\\\/en\\\/expo\\\/beat-streuli\\\/#breadcrumb\",\"itemListElement\":[{\"@type\":\"ListItem\",\"position\":1,\"name\":\"Accueil\",\"item\":\"https:\\\/\\\/www.mbal.ch\\\/en\\\/\"},{\"@type\":\"ListItem\",\"position\":2,\"name\":\"Beat Streuli\"}]},{\"@type\":\"WebSite\",\"@id\":\"https:\\\/\\\/www.mbal.ch\\\/#website\",\"url\":\"https:\\\/\\\/www.mbal.ch\\\/\",\"name\":\"MBAL\",\"description\":\"Mus\u00e9e des beaux-arts du Locle\",\"publisher\":{\"@id\":\"https:\\\/\\\/www.mbal.ch\\\/#organization\"},\"potentialAction\":[{\"@type\":\"SearchAction\",\"target\":{\"@type\":\"EntryPoint\",\"urlTemplate\":\"https:\\\/\\\/www.mbal.ch\\\/?s={search_term_string}\"},\"query-input\":{\"@type\":\"PropertyValueSpecification\",\"valueRequired\":true,\"valueName\":\"search_term_string\"}}],\"inLanguage\":\"en-US\"},{\"@type\":\"Organization\",\"@id\":\"https:\\\/\\\/www.mbal.ch\\\/#organization\",\"name\":\"Mus\u00e9e des beaux-arts du Locle\",\"url\":\"https:\\\/\\\/www.mbal.ch\\\/\",\"logo\":{\"@type\":\"ImageObject\",\"inLanguage\":\"en-US\",\"@id\":\"https:\\\/\\\/www.mbal.ch\\\/#\\\/schema\\\/logo\\\/image\\\/\",\"url\":\"https:\\\/\\\/www.mbal.ch\\\/mbalwp\\\/wp-content\\\/uploads\\\/2021\\\/01\\\/cropped-favicon_mbal.png\",\"contentUrl\":\"https:\\\/\\\/www.mbal.ch\\\/mbalwp\\\/wp-content\\\/uploads\\\/2021\\\/01\\\/cropped-favicon_mbal.png\",\"width\":512,\"height\":512,\"caption\":\"Mus\u00e9e des beaux-arts du Locle\"},\"image\":{\"@id\":\"https:\\\/\\\/www.mbal.ch\\\/#\\\/schema\\\/logo\\\/image\\\/\"},\"sameAs\":[\"https:\\\/\\\/www.facebook.com\\\/mbalelocle\\\/?fref=ts\",\"https:\\\/\\\/www.instagram.com\\\/mbalelocle\\\/\"]}]}<\/script>\n<!-- \/ Yoast SEO plugin. -->","yoast_head_json":{"title":"Beat Streuli - MBAL","robots":{"index":"index","follow":"follow","max-snippet":"max-snippet:-1","max-image-preview":"max-image-preview:large","max-video-preview":"max-video-preview:-1"},"canonical":"https:\/\/www.mbal.ch\/en\/expo\/beat-streuli\/","og_locale":"en_US","og_type":"article","og_title":"Beat Streuli - MBAL","og_description":"Manhattan 17 La photographie de rue a une longue tradition dans l\u2019histoire de la photographie. Passants, architecture, agitation de la rue fascinent depuis longtemps les photographes qui se m\u00ealent \u00e0 la foule tout en pr\u00eatant un oeil attentif \u00e0 ce qui les entoure. Depuis trente ans, Beat Streuli (Suisse, 1957) dirige sa cam\u00e9ra sur les [&hellip;]","og_url":"https:\/\/www.mbal.ch\/en\/expo\/beat-streuli\/","og_site_name":"MBAL","article_publisher":"https:\/\/www.facebook.com\/mbalelocle\/?fref=ts","article_modified_time":"2024-10-23T12:02:57+00:00","og_image":[{"width":2560,"height":2491,"url":"https:\/\/www.mbal.ch\/mbalwp\/wp-content\/uploads\/2021\/02\/beat_flyer_avec_un_peu_de_marge_en_haut_et_en_bas-copie-scaled.jpg","type":"image\/jpeg"}],"twitter_card":"summary_large_image","twitter_misc":{"Est. reading time":"2 minutes"},"schema":{"@context":"https:\/\/schema.org","@graph":[{"@type":"WebPage","@id":"https:\/\/www.mbal.ch\/en\/expo\/beat-streuli\/","url":"https:\/\/www.mbal.ch\/en\/expo\/beat-streuli\/","name":"Beat Streuli - MBAL","isPartOf":{"@id":"https:\/\/www.mbal.ch\/#website"},"primaryImageOfPage":{"@id":"https:\/\/www.mbal.ch\/en\/expo\/beat-streuli\/#primaryimage"},"image":{"@id":"https:\/\/www.mbal.ch\/en\/expo\/beat-streuli\/#primaryimage"},"thumbnailUrl":"https:\/\/www.mbal.ch\/mbalwp\/wp-content\/uploads\/2021\/02\/beat_flyer_avec_un_peu_de_marge_en_haut_et_en_bas-copie-scaled.jpg","datePublished":"2021-02-12T09:32:39+00:00","dateModified":"2024-10-23T12:02:57+00:00","breadcrumb":{"@id":"https:\/\/www.mbal.ch\/en\/expo\/beat-streuli\/#breadcrumb"},"inLanguage":"en-US","potentialAction":[{"@type":"ReadAction","target":["https:\/\/www.mbal.ch\/en\/expo\/beat-streuli\/"]}]},{"@type":"ImageObject","inLanguage":"en-US","@id":"https:\/\/www.mbal.ch\/en\/expo\/beat-streuli\/#primaryimage","url":"https:\/\/www.mbal.ch\/mbalwp\/wp-content\/uploads\/2021\/02\/beat_flyer_avec_un_peu_de_marge_en_haut_et_en_bas-copie-scaled.jpg","contentUrl":"https:\/\/www.mbal.ch\/mbalwp\/wp-content\/uploads\/2021\/02\/beat_flyer_avec_un_peu_de_marge_en_haut_et_en_bas-copie-scaled.jpg","width":2560,"height":2491,"caption":"\u00a9 Beat Streuli, Manhattan 17, 2020. Tous droits r\u00e9serv\u00e9s."},{"@type":"BreadcrumbList","@id":"https:\/\/www.mbal.ch\/en\/expo\/beat-streuli\/#breadcrumb","itemListElement":[{"@type":"ListItem","position":1,"name":"Accueil","item":"https:\/\/www.mbal.ch\/en\/"},{"@type":"ListItem","position":2,"name":"Beat Streuli"}]},{"@type":"WebSite","@id":"https:\/\/www.mbal.ch\/#website","url":"https:\/\/www.mbal.ch\/","name":"MBAL","description":"Mus\u00e9e des beaux-arts du Locle","publisher":{"@id":"https:\/\/www.mbal.ch\/#organization"},"potentialAction":[{"@type":"SearchAction","target":{"@type":"EntryPoint","urlTemplate":"https:\/\/www.mbal.ch\/?s={search_term_string}"},"query-input":{"@type":"PropertyValueSpecification","valueRequired":true,"valueName":"search_term_string"}}],"inLanguage":"en-US"},{"@type":"Organization","@id":"https:\/\/www.mbal.ch\/#organization","name":"Mus\u00e9e des beaux-arts du Locle","url":"https:\/\/www.mbal.ch\/","logo":{"@type":"ImageObject","inLanguage":"en-US","@id":"https:\/\/www.mbal.ch\/#\/schema\/logo\/image\/","url":"https:\/\/www.mbal.ch\/mbalwp\/wp-content\/uploads\/2021\/01\/cropped-favicon_mbal.png","contentUrl":"https:\/\/www.mbal.ch\/mbalwp\/wp-content\/uploads\/2021\/01\/cropped-favicon_mbal.png","width":512,"height":512,"caption":"Mus\u00e9e des beaux-arts du Locle"},"image":{"@id":"https:\/\/www.mbal.ch\/#\/schema\/logo\/image\/"},"sameAs":["https:\/\/www.facebook.com\/mbalelocle\/?fref=ts","https:\/\/www.instagram.com\/mbalelocle\/"]}]}},"_links":{"self":[{"href":"https:\/\/www.mbal.ch\/en\/wp-json\/wp\/v2\/exposition\/1414","targetHints":{"allow":["GET"]}}],"collection":[{"href":"https:\/\/www.mbal.ch\/en\/wp-json\/wp\/v2\/exposition"}],"about":[{"href":"https:\/\/www.mbal.ch\/en\/wp-json\/wp\/v2\/types\/exposition"}],"wp:featuredmedia":[{"embeddable":true,"href":"https:\/\/www.mbal.ch\/en\/wp-json\/wp\/v2\/media\/1248"}],"wp:attachment":[{"href":"https:\/\/www.mbal.ch\/en\/wp-json\/wp\/v2\/media?parent=1414"}],"curies":[{"name":"wp","href":"https:\/\/api.w.org\/{rel}","templated":true}]}}

<h1 class="wp-block-heading">Manhattan 17</h1>



<p>La photographie de rue a une longue tradition dans l’histoire de la photographie. Passants, architecture, agitation de la rue fascinent depuis longtemps les photographes qui se mêlent à la foule tout en prêtant un oeil attentif à ce qui les entoure. Depuis trente ans, Beat Streuli (Suisse, 1957) dirige sa caméra sur les habitants des villes alors même qu’ils sont absorbés dans leur quotidien. C’est bien un intérêt pour l’humain qui est au coeur de sa pratique. Les grandes métropoles de notre monde globalisé fourmillent de gens et l’espace public est le lieu où les anonymes se croisent. Chez Streuli, la réalité quotidienne de ces passants devient formes, couleurs, rythmes, collages. Installée sur la façade du musée, l’oeuvre monumentale de Beat Streuli interroge la puissance d’accumulation des images. Alors qu’aujourd’hui l’agitation du monde vient à nous à travers nos petits écrans, Streuli arrête le regard par ce jeu d’échelle imposant et en plaçant l’humain au centre de l’image. L’oeuvre, qui s’agence en une suite de portraits qui pourrait s’étendre à l’infini, n’est pas sans rappeler les écrans de cinéma ou les publicités qui recouvrent les murs de nos villes. Au MBAL, nous avons à coeur de sortir l’art de sa tour d’ivoire et de questionner les enjeux qui traversent notre société.&nbsp;</p>



<h2 class="wp-block-heading"><strong>Biographie</strong></h2>



<p>Né à Altdorf,&nbsp;<strong>Beat Streuli</strong>&nbsp;(Suisse, 1957) s’installe en Allemagne, à Berlin d’abord, puis à Düsseldorf. Durant les années 1990, son travail est exposé dans des lieux prestigieux, notamment au MoMa de New York, au Musée d’Art Moderne de la ville de Paris et au Musée d’art contemporain de Barcelone. Il prend également part à de nombreuses biennales internationales et, à partir de 2000, développe ses projets photographiques sur les cinq continents. A côté de son activité artistique, Beat Streuli enseigne de 2012 à 2018 à la Haute École d’art de Zurich. De nos jours, son travail est présenté sous la forme d’installations monumentales permanentes à l’Aéroport de Francfort-sur-le-Main, au Palais de Tokyo à Paris ou encore à l’École polytechnique fédérale de Zurich .</p>

<!-- This site is optimized with the Yoast SEO plugin v27.4 - https://yoast.com/product/yoast-seo-wordpress/ -->
<title>Beat Streuli - MBAL</title>
<meta name="robots" content="index, follow, max-snippet:-1, max-image-preview:large, max-video-preview:-1" />
<link rel="canonical" href="https://www.mbal.ch/en/expo/beat-streuli/" />
<meta property="og:locale" content="en_US" />
<meta property="og:type" content="article" />
<meta property="og:title" content="Beat Streuli - MBAL" />
<meta property="og:description" content="Manhattan 17 La photographie de rue a une longue tradition dans l’histoire de la photographie. Passants, architecture, agitation de la rue fascinent depuis longtemps les photographes qui se mêlent à la foule tout en prêtant un oeil attentif à ce qui les entoure. Depuis trente ans, Beat Streuli (Suisse, 1957) dirige sa caméra sur les [&hellip;]" />
<meta property="og:url" content="https://www.mbal.ch/en/expo/beat-streuli/" />
<meta property="og:site_name" content="MBAL" />
<meta property="article:publisher" content="https://www.facebook.com/mbalelocle/?fref=ts" />
<meta property="article:modified_time" content="2024-10-23T12:02:57+00:00" />
<meta property="og:image" content="https://www.mbal.ch/mbalwp/wp-content/uploads/2021/02/beat_flyer_avec_un_peu_de_marge_en_haut_et_en_bas-copie-scaled.jpg" />
	<meta property="og:image:width" content="2560" />
	<meta property="og:image:height" content="2491" />
	<meta property="og:image:type" content="image/jpeg" />
<meta name="twitter:card" content="summary_large_image" />
<meta name="twitter:label1" content="Est. reading time" />
	<meta name="twitter:data1" content="2 minutes" />
<script type="application/ld+json" class="yoast-schema-graph">{"@context":"https:\/\/schema.org","@graph":[{"@type":"WebPage","@id":"https:\/\/www.mbal.ch\/en\/expo\/beat-streuli\/","url":"https:\/\/www.mbal.ch\/en\/expo\/beat-streuli\/","name":"Beat Streuli - MBAL","isPartOf":{"@id":"https:\/\/www.mbal.ch\/#website"},"primaryImageOfPage":{"@id":"https:\/\/www.mbal.ch\/en\/expo\/beat-streuli\/#primaryimage"},"image":{"@id":"https:\/\/www.mbal.ch\/en\/expo\/beat-streuli\/#primaryimage"},"thumbnailUrl":"https:\/\/www.mbal.ch\/mbalwp\/wp-content\/uploads\/2021\/02\/beat_flyer_avec_un_peu_de_marge_en_haut_et_en_bas-copie-scaled.jpg","datePublished":"2021-02-12T09:32:39+00:00","dateModified":"2024-10-23T12:02:57+00:00","breadcrumb":{"@id":"https:\/\/www.mbal.ch\/en\/expo\/beat-streuli\/#breadcrumb"},"inLanguage":"en-US","potentialAction":[{"@type":"ReadAction","target":["https:\/\/www.mbal.ch\/en\/expo\/beat-streuli\/"]}]},{"@type":"ImageObject","inLanguage":"en-US","@id":"https:\/\/www.mbal.ch\/en\/expo\/beat-streuli\/#primaryimage","url":"https:\/\/www.mbal.ch\/mbalwp\/wp-content\/uploads\/2021\/02\/beat_flyer_avec_un_peu_de_marge_en_haut_et_en_bas-copie-scaled.jpg","contentUrl":"https:\/\/www.mbal.ch\/mbalwp\/wp-content\/uploads\/2021\/02\/beat_flyer_avec_un_peu_de_marge_en_haut_et_en_bas-copie-scaled.jpg","width":2560,"height":2491,"caption":"© Beat Streuli, Manhattan 17, 2020. Tous droits réservés."},{"@type":"BreadcrumbList","@id":"https:\/\/www.mbal.ch\/en\/expo\/beat-streuli\/#breadcrumb","itemListElement":[{"@type":"ListItem","position":1,"name":"Accueil","item":"https:\/\/www.mbal.ch\/en\/"},{"@type":"ListItem","position":2,"name":"Beat Streuli"}]},{"@type":"WebSite","@id":"https:\/\/www.mbal.ch\/#website","url":"https:\/\/www.mbal.ch\/","name":"MBAL","description":"Musée des beaux-arts du Locle","publisher":{"@id":"https:\/\/www.mbal.ch\/#organization"},"potentialAction":[{"@type":"SearchAction","target":{"@type":"EntryPoint","urlTemplate":"https:\/\/www.mbal.ch\/?s={search_term_string}"},"query-input":{"@type":"PropertyValueSpecification","valueRequired":true,"valueName":"search_term_string"}}],"inLanguage":"en-US"},{"@type":"Organization","@id":"https:\/\/www.mbal.ch\/#organization","name":"Musée des beaux-arts du Locle","url":"https:\/\/www.mbal.ch\/","logo":{"@type":"ImageObject","inLanguage":"en-US","@id":"https:\/\/www.mbal.ch\/#\/schema\/logo\/image\/","url":"https:\/\/www.mbal.ch\/mbalwp\/wp-content\/uploads\/2021\/01\/cropped-favicon_mbal.png","contentUrl":"https:\/\/www.mbal.ch\/mbalwp\/wp-content\/uploads\/2021\/01\/cropped-favicon_mbal.png","width":512,"height":512,"caption":"Musée des beaux-arts du Locle"},"image":{"@id":"https:\/\/www.mbal.ch\/#\/schema\/logo\/image\/"},"sameAs":["https:\/\/www.facebook.com\/mbalelocle\/?fref=ts","https:\/\/www.instagram.com\/mbalelocle\/"]}]}</script>
<!-- / Yoast SEO plugin. -->

Manhattan 17 La photographie de rue a une longue tradition dans l’histoire de la photographie. Passants, architecture, agitation de la rue fascinent depuis longtemps les photographes qui se mêlent à la foule tout en prêtant un oeil attentif à ce qui les entoure. Depuis trente ans, Beat Streuli (Suisse, 1957) dirige sa caméra sur les [&hellip;]

© Beat Streuli, Manhattan 17, 2020. Tous droits réservés.

Musée des beaux-arts du Locle
