{"id":6673,"date":"2024-09-13T12:18:16","date_gmt":"2024-09-13T10:18:16","guid":{"rendered":"https:\/\/www.mbal.ch\/evenement\/table-ronde-autour-de-lexposition-un-mur-comme-horizon\/"},"modified":"2024-09-13T15:56:09","modified_gmt":"2024-09-13T13:56:09","slug":"table-ronde-autour-de-lexposition-un-mur-comme-horizon","status":"publish","type":"agenda","link":"https:\/\/www.mbal.ch\/en\/evenement\/table-ronde-autour-de-lexposition-un-mur-comme-horizon\/","title":{"rendered":"Round table discussion based on the exhibition Un mur comme horizon"},"content":{"rendered":"\n<p>The MBAL is inviting a number of guest speakers to take part in a conversation around the exhibition <em>Un mur comme horizon<\/em>.<\/p>\n\n\n\n<hr class=\"wp-block-separator has-text-color has-white-color has-alpha-channel-opacity has-white-background-color has-background\"\/>\n\n\n\n<p>Price included in the admission ticket. Registration recommended.<\/p>\n","protected":false},"featured_media":6723,"template":"","agenda_category":[65,70,71,55],"class_list":["post-6673","agenda","type-agenda","status-publish","has-post-thumbnail","hentry","agenda_category-debat-en","agenda_category-debate","agenda_category-encounter","agenda_category-rencontre-en"],"acf":[],"yoast_head":"<!-- This site is optimized with the Yoast SEO plugin v27.4 - https:\/\/yoast.com\/product\/yoast-seo-wordpress\/ -->\n<title>Round table discussion based on the exhibition Un mur comme horizon - MBAL<\/title>\n<meta name=\"robots\" content=\"index, follow, max-snippet:-1, max-image-preview:large, max-video-preview:-1\" \/>\n<link rel=\"canonical\" href=\"https:\/\/www.mbal.ch\/en\/evenement\/table-ronde-autour-de-lexposition-un-mur-comme-horizon\/\" \/>\n<meta property=\"og:locale\" content=\"en_US\" \/>\n<meta property=\"og:type\" content=\"article\" \/>\n<meta property=\"og:title\" content=\"Round table discussion based on the exhibition Un mur comme horizon - MBAL\" \/>\n<meta property=\"og:description\" content=\"The MBAL is inviting a number of guest speakers to take part in a conversation around the exhibition Un mur comme horizon. Price included in the admission ticket. Registration recommended.\" \/>\n<meta property=\"og:url\" content=\"https:\/\/www.mbal.ch\/en\/evenement\/table-ronde-autour-de-lexposition-un-mur-comme-horizon\/\" \/>\n<meta property=\"og:site_name\" content=\"MBAL\" \/>\n<meta property=\"article:publisher\" content=\"https:\/\/www.facebook.com\/mbalelocle\/?fref=ts\" \/>\n<meta property=\"article:modified_time\" content=\"2024-09-13T13:56:09+00:00\" \/>\n<meta name=\"twitter:card\" content=\"summary_large_image\" \/>\n<meta name=\"twitter:label1\" content=\"Est. reading time\" \/>\n\t<meta name=\"twitter:data1\" content=\"1 minute\" \/>\n<script type=\"application\/ld+json\" class=\"yoast-schema-graph\">{\"@context\":\"https:\\\/\\\/schema.org\",\"@graph\":[{\"@type\":\"WebPage\",\"@id\":\"https:\\\/\\\/www.mbal.ch\\\/en\\\/evenement\\\/table-ronde-autour-de-lexposition-un-mur-comme-horizon\\\/\",\"url\":\"https:\\\/\\\/www.mbal.ch\\\/en\\\/evenement\\\/table-ronde-autour-de-lexposition-un-mur-comme-horizon\\\/\",\"name\":\"Round table discussion based on the exhibition Un mur comme horizon - MBAL\",\"isPartOf\":{\"@id\":\"https:\\\/\\\/www.mbal.ch\\\/#website\"},\"primaryImageOfPage\":{\"@id\":\"https:\\\/\\\/www.mbal.ch\\\/en\\\/evenement\\\/table-ronde-autour-de-lexposition-un-mur-comme-horizon\\\/#primaryimage\"},\"image\":{\"@id\":\"https:\\\/\\\/www.mbal.ch\\\/en\\\/evenement\\\/table-ronde-autour-de-lexposition-un-mur-comme-horizon\\\/#primaryimage\"},\"thumbnailUrl\":\"https:\\\/\\\/www.mbal.ch\\\/mbalwp\\\/wp-content\\\/uploads\\\/2024\\\/09\\\/LaurenceRasti_avec_N_Stenope_realise_par_N_2023-2-scaled.jpg\",\"datePublished\":\"2024-09-13T10:18:16+00:00\",\"dateModified\":\"2024-09-13T13:56:09+00:00\",\"breadcrumb\":{\"@id\":\"https:\\\/\\\/www.mbal.ch\\\/en\\\/evenement\\\/table-ronde-autour-de-lexposition-un-mur-comme-horizon\\\/#breadcrumb\"},\"inLanguage\":\"en-US\",\"potentialAction\":[{\"@type\":\"ReadAction\",\"target\":[\"https:\\\/\\\/www.mbal.ch\\\/en\\\/evenement\\\/table-ronde-autour-de-lexposition-un-mur-comme-horizon\\\/\"]}]},{\"@type\":\"ImageObject\",\"inLanguage\":\"en-US\",\"@id\":\"https:\\\/\\\/www.mbal.ch\\\/en\\\/evenement\\\/table-ronde-autour-de-lexposition-un-mur-comme-horizon\\\/#primaryimage\",\"url\":\"https:\\\/\\\/www.mbal.ch\\\/mbalwp\\\/wp-content\\\/uploads\\\/2024\\\/09\\\/LaurenceRasti_avec_N_Stenope_realise_par_N_2023-2-scaled.jpg\",\"contentUrl\":\"https:\\\/\\\/www.mbal.ch\\\/mbalwp\\\/wp-content\\\/uploads\\\/2024\\\/09\\\/LaurenceRasti_avec_N_Stenope_realise_par_N_2023-2-scaled.jpg\",\"width\":2560,\"height\":1753,\"caption\":\"Laurence Rasti avec A., D., G., L., M., N., T., Z., St\u00e9nop\u00e9 r\u00e9alis\u00e9 par N., 2023, Un mur comme horizon \u00a9 Laurence Rasti \\\/ Enqu\u00eate photographique neuch\u00e2teloise 2024\"},{\"@type\":\"BreadcrumbList\",\"@id\":\"https:\\\/\\\/www.mbal.ch\\\/en\\\/evenement\\\/table-ronde-autour-de-lexposition-un-mur-comme-horizon\\\/#breadcrumb\",\"itemListElement\":[{\"@type\":\"ListItem\",\"position\":1,\"name\":\"Accueil\",\"item\":\"https:\\\/\\\/www.mbal.ch\\\/en\\\/\"},{\"@type\":\"ListItem\",\"position\":2,\"name\":\"Round table discussion based on the exhibition Un mur comme horizon\"}]},{\"@type\":\"WebSite\",\"@id\":\"https:\\\/\\\/www.mbal.ch\\\/#website\",\"url\":\"https:\\\/\\\/www.mbal.ch\\\/\",\"name\":\"MBAL\",\"description\":\"Mus\u00e9e des beaux-arts du Locle\",\"publisher\":{\"@id\":\"https:\\\/\\\/www.mbal.ch\\\/#organization\"},\"potentialAction\":[{\"@type\":\"SearchAction\",\"target\":{\"@type\":\"EntryPoint\",\"urlTemplate\":\"https:\\\/\\\/www.mbal.ch\\\/?s={search_term_string}\"},\"query-input\":{\"@type\":\"PropertyValueSpecification\",\"valueRequired\":true,\"valueName\":\"search_term_string\"}}],\"inLanguage\":\"en-US\"},{\"@type\":\"Organization\",\"@id\":\"https:\\\/\\\/www.mbal.ch\\\/#organization\",\"name\":\"Mus\u00e9e des beaux-arts du Locle\",\"url\":\"https:\\\/\\\/www.mbal.ch\\\/\",\"logo\":{\"@type\":\"ImageObject\",\"inLanguage\":\"en-US\",\"@id\":\"https:\\\/\\\/www.mbal.ch\\\/#\\\/schema\\\/logo\\\/image\\\/\",\"url\":\"https:\\\/\\\/www.mbal.ch\\\/mbalwp\\\/wp-content\\\/uploads\\\/2021\\\/01\\\/cropped-favicon_mbal.png\",\"contentUrl\":\"https:\\\/\\\/www.mbal.ch\\\/mbalwp\\\/wp-content\\\/uploads\\\/2021\\\/01\\\/cropped-favicon_mbal.png\",\"width\":512,\"height\":512,\"caption\":\"Mus\u00e9e des beaux-arts du Locle\"},\"image\":{\"@id\":\"https:\\\/\\\/www.mbal.ch\\\/#\\\/schema\\\/logo\\\/image\\\/\"},\"sameAs\":[\"https:\\\/\\\/www.facebook.com\\\/mbalelocle\\\/?fref=ts\",\"https:\\\/\\\/www.instagram.com\\\/mbalelocle\\\/\"]}]}<\/script>\n<!-- \/ Yoast SEO plugin. -->","yoast_head_json":{"title":"Round table discussion based on the exhibition Un mur comme horizon - MBAL","robots":{"index":"index","follow":"follow","max-snippet":"max-snippet:-1","max-image-preview":"max-image-preview:large","max-video-preview":"max-video-preview:-1"},"canonical":"https:\/\/www.mbal.ch\/en\/evenement\/table-ronde-autour-de-lexposition-un-mur-comme-horizon\/","og_locale":"en_US","og_type":"article","og_title":"Round table discussion based on the exhibition Un mur comme horizon - MBAL","og_description":"The MBAL is inviting a number of guest speakers to take part in a conversation around the exhibition Un mur comme horizon. Price included in the admission ticket. Registration recommended.","og_url":"https:\/\/www.mbal.ch\/en\/evenement\/table-ronde-autour-de-lexposition-un-mur-comme-horizon\/","og_site_name":"MBAL","article_publisher":"https:\/\/www.facebook.com\/mbalelocle\/?fref=ts","article_modified_time":"2024-09-13T13:56:09+00:00","twitter_card":"summary_large_image","twitter_misc":{"Est. reading time":"1 minute"},"schema":{"@context":"https:\/\/schema.org","@graph":[{"@type":"WebPage","@id":"https:\/\/www.mbal.ch\/en\/evenement\/table-ronde-autour-de-lexposition-un-mur-comme-horizon\/","url":"https:\/\/www.mbal.ch\/en\/evenement\/table-ronde-autour-de-lexposition-un-mur-comme-horizon\/","name":"Round table discussion based on the exhibition Un mur comme horizon - MBAL","isPartOf":{"@id":"https:\/\/www.mbal.ch\/#website"},"primaryImageOfPage":{"@id":"https:\/\/www.mbal.ch\/en\/evenement\/table-ronde-autour-de-lexposition-un-mur-comme-horizon\/#primaryimage"},"image":{"@id":"https:\/\/www.mbal.ch\/en\/evenement\/table-ronde-autour-de-lexposition-un-mur-comme-horizon\/#primaryimage"},"thumbnailUrl":"https:\/\/www.mbal.ch\/mbalwp\/wp-content\/uploads\/2024\/09\/LaurenceRasti_avec_N_Stenope_realise_par_N_2023-2-scaled.jpg","datePublished":"2024-09-13T10:18:16+00:00","dateModified":"2024-09-13T13:56:09+00:00","breadcrumb":{"@id":"https:\/\/www.mbal.ch\/en\/evenement\/table-ronde-autour-de-lexposition-un-mur-comme-horizon\/#breadcrumb"},"inLanguage":"en-US","potentialAction":[{"@type":"ReadAction","target":["https:\/\/www.mbal.ch\/en\/evenement\/table-ronde-autour-de-lexposition-un-mur-comme-horizon\/"]}]},{"@type":"ImageObject","inLanguage":"en-US","@id":"https:\/\/www.mbal.ch\/en\/evenement\/table-ronde-autour-de-lexposition-un-mur-comme-horizon\/#primaryimage","url":"https:\/\/www.mbal.ch\/mbalwp\/wp-content\/uploads\/2024\/09\/LaurenceRasti_avec_N_Stenope_realise_par_N_2023-2-scaled.jpg","contentUrl":"https:\/\/www.mbal.ch\/mbalwp\/wp-content\/uploads\/2024\/09\/LaurenceRasti_avec_N_Stenope_realise_par_N_2023-2-scaled.jpg","width":2560,"height":1753,"caption":"Laurence Rasti avec A., D., G., L., M., N., T., Z., St\u00e9nop\u00e9 r\u00e9alis\u00e9 par N., 2023, Un mur comme horizon \u00a9 Laurence Rasti \/ Enqu\u00eate photographique neuch\u00e2teloise 2024"},{"@type":"BreadcrumbList","@id":"https:\/\/www.mbal.ch\/en\/evenement\/table-ronde-autour-de-lexposition-un-mur-comme-horizon\/#breadcrumb","itemListElement":[{"@type":"ListItem","position":1,"name":"Accueil","item":"https:\/\/www.mbal.ch\/en\/"},{"@type":"ListItem","position":2,"name":"Round table discussion based on the exhibition Un mur comme horizon"}]},{"@type":"WebSite","@id":"https:\/\/www.mbal.ch\/#website","url":"https:\/\/www.mbal.ch\/","name":"MBAL","description":"Mus\u00e9e des beaux-arts du Locle","publisher":{"@id":"https:\/\/www.mbal.ch\/#organization"},"potentialAction":[{"@type":"SearchAction","target":{"@type":"EntryPoint","urlTemplate":"https:\/\/www.mbal.ch\/?s={search_term_string}"},"query-input":{"@type":"PropertyValueSpecification","valueRequired":true,"valueName":"search_term_string"}}],"inLanguage":"en-US"},{"@type":"Organization","@id":"https:\/\/www.mbal.ch\/#organization","name":"Mus\u00e9e des beaux-arts du Locle","url":"https:\/\/www.mbal.ch\/","logo":{"@type":"ImageObject","inLanguage":"en-US","@id":"https:\/\/www.mbal.ch\/#\/schema\/logo\/image\/","url":"https:\/\/www.mbal.ch\/mbalwp\/wp-content\/uploads\/2021\/01\/cropped-favicon_mbal.png","contentUrl":"https:\/\/www.mbal.ch\/mbalwp\/wp-content\/uploads\/2021\/01\/cropped-favicon_mbal.png","width":512,"height":512,"caption":"Mus\u00e9e des beaux-arts du Locle"},"image":{"@id":"https:\/\/www.mbal.ch\/#\/schema\/logo\/image\/"},"sameAs":["https:\/\/www.facebook.com\/mbalelocle\/?fref=ts","https:\/\/www.instagram.com\/mbalelocle\/"]}]}},"_links":{"self":[{"href":"https:\/\/www.mbal.ch\/en\/wp-json\/wp\/v2\/agenda\/6673","targetHints":{"allow":["GET"]}}],"collection":[{"href":"https:\/\/www.mbal.ch\/en\/wp-json\/wp\/v2\/agenda"}],"about":[{"href":"https:\/\/www.mbal.ch\/en\/wp-json\/wp\/v2\/types\/agenda"}],"wp:featuredmedia":[{"embeddable":true,"href":"https:\/\/www.mbal.ch\/en\/wp-json\/wp\/v2\/media\/6723"}],"wp:attachment":[{"href":"https:\/\/www.mbal.ch\/en\/wp-json\/wp\/v2\/media?parent=6673"}],"wp:term":[{"taxonomy":"agenda_category","embeddable":true,"href":"https:\/\/www.mbal.ch\/en\/wp-json\/wp\/v2\/agenda_category?post=6673"}],"curies":[{"name":"wp","href":"https:\/\/api.w.org\/{rel}","templated":true}]}}

<!-- This site is optimized with the Yoast SEO plugin v27.4 - https://yoast.com/product/yoast-seo-wordpress/ -->
<title>Round table discussion based on the exhibition Un mur comme horizon - MBAL</title>
<meta name="robots" content="index, follow, max-snippet:-1, max-image-preview:large, max-video-preview:-1" />
<link rel="canonical" href="https://www.mbal.ch/en/evenement/table-ronde-autour-de-lexposition-un-mur-comme-horizon/" />
<meta property="og:locale" content="en_US" />
<meta property="og:type" content="article" />
<meta property="og:title" content="Round table discussion based on the exhibition Un mur comme horizon - MBAL" />
<meta property="og:description" content="The MBAL is inviting a number of guest speakers to take part in a conversation around the exhibition Un mur comme horizon. Price included in the admission ticket. Registration recommended." />
<meta property="og:url" content="https://www.mbal.ch/en/evenement/table-ronde-autour-de-lexposition-un-mur-comme-horizon/" />
<meta property="og:site_name" content="MBAL" />
<meta property="article:publisher" content="https://www.facebook.com/mbalelocle/?fref=ts" />
<meta property="article:modified_time" content="2024-09-13T13:56:09+00:00" />
<meta name="twitter:card" content="summary_large_image" />
<meta name="twitter:label1" content="Est. reading time" />
	<meta name="twitter:data1" content="1 minute" />
<script type="application/ld+json" class="yoast-schema-graph">{"@context":"https:\/\/schema.org","@graph":[{"@type":"WebPage","@id":"https:\/\/www.mbal.ch\/en\/evenement\/table-ronde-autour-de-lexposition-un-mur-comme-horizon\/","url":"https:\/\/www.mbal.ch\/en\/evenement\/table-ronde-autour-de-lexposition-un-mur-comme-horizon\/","name":"Round table discussion based on the exhibition Un mur comme horizon - MBAL","isPartOf":{"@id":"https:\/\/www.mbal.ch\/#website"},"primaryImageOfPage":{"@id":"https:\/\/www.mbal.ch\/en\/evenement\/table-ronde-autour-de-lexposition-un-mur-comme-horizon\/#primaryimage"},"image":{"@id":"https:\/\/www.mbal.ch\/en\/evenement\/table-ronde-autour-de-lexposition-un-mur-comme-horizon\/#primaryimage"},"thumbnailUrl":"https:\/\/www.mbal.ch\/mbalwp\/wp-content\/uploads\/2024\/09\/LaurenceRasti_avec_N_Stenope_realise_par_N_2023-2-scaled.jpg","datePublished":"2024-09-13T10:18:16+00:00","dateModified":"2024-09-13T13:56:09+00:00","breadcrumb":{"@id":"https:\/\/www.mbal.ch\/en\/evenement\/table-ronde-autour-de-lexposition-un-mur-comme-horizon\/#breadcrumb"},"inLanguage":"en-US","potentialAction":[{"@type":"ReadAction","target":["https:\/\/www.mbal.ch\/en\/evenement\/table-ronde-autour-de-lexposition-un-mur-comme-horizon\/"]}]},{"@type":"ImageObject","inLanguage":"en-US","@id":"https:\/\/www.mbal.ch\/en\/evenement\/table-ronde-autour-de-lexposition-un-mur-comme-horizon\/#primaryimage","url":"https:\/\/www.mbal.ch\/mbalwp\/wp-content\/uploads\/2024\/09\/LaurenceRasti_avec_N_Stenope_realise_par_N_2023-2-scaled.jpg","contentUrl":"https:\/\/www.mbal.ch\/mbalwp\/wp-content\/uploads\/2024\/09\/LaurenceRasti_avec_N_Stenope_realise_par_N_2023-2-scaled.jpg","width":2560,"height":1753,"caption":"Laurence Rasti avec A., D., G., L., M., N., T., Z., Sténopé réalisé par N., 2023, Un mur comme horizon © Laurence Rasti \/ Enquête photographique neuchâteloise 2024"},{"@type":"BreadcrumbList","@id":"https:\/\/www.mbal.ch\/en\/evenement\/table-ronde-autour-de-lexposition-un-mur-comme-horizon\/#breadcrumb","itemListElement":[{"@type":"ListItem","position":1,"name":"Accueil","item":"https:\/\/www.mbal.ch\/en\/"},{"@type":"ListItem","position":2,"name":"Round table discussion based on the exhibition Un mur comme horizon"}]},{"@type":"WebSite","@id":"https:\/\/www.mbal.ch\/#website","url":"https:\/\/www.mbal.ch\/","name":"MBAL","description":"Musée des beaux-arts du Locle","publisher":{"@id":"https:\/\/www.mbal.ch\/#organization"},"potentialAction":[{"@type":"SearchAction","target":{"@type":"EntryPoint","urlTemplate":"https:\/\/www.mbal.ch\/?s={search_term_string}"},"query-input":{"@type":"PropertyValueSpecification","valueRequired":true,"valueName":"search_term_string"}}],"inLanguage":"en-US"},{"@type":"Organization","@id":"https:\/\/www.mbal.ch\/#organization","name":"Musée des beaux-arts du Locle","url":"https:\/\/www.mbal.ch\/","logo":{"@type":"ImageObject","inLanguage":"en-US","@id":"https:\/\/www.mbal.ch\/#\/schema\/logo\/image\/","url":"https:\/\/www.mbal.ch\/mbalwp\/wp-content\/uploads\/2021\/01\/cropped-favicon_mbal.png","contentUrl":"https:\/\/www.mbal.ch\/mbalwp\/wp-content\/uploads\/2021\/01\/cropped-favicon_mbal.png","width":512,"height":512,"caption":"Musée des beaux-arts du Locle"},"image":{"@id":"https:\/\/www.mbal.ch\/#\/schema\/logo\/image\/"},"sameAs":["https:\/\/www.facebook.com\/mbalelocle\/?fref=ts","https:\/\/www.instagram.com\/mbalelocle\/"]}]}</script>
<!-- / Yoast SEO plugin. -->

Laurence Rasti avec A., D., G., L., M., N., T., Z., Sténopé réalisé par N., 2023, Un mur comme horizon © Laurence Rasti / Enquête photographique neuchâteloise 2024

Musée des beaux-arts du Locle
