{"id":6657,"date":"2024-09-13T11:47:26","date_gmt":"2024-09-13T09:47:26","guid":{"rendered":"https:\/\/www.mbal.ch\/evenement\/atelier-fanzine\/"},"modified":"2024-12-19T12:37:26","modified_gmt":"2024-12-19T11:37:26","slug":"atelier-fanzine","status":"publish","type":"agenda","link":"https:\/\/www.mbal.ch\/en\/evenement\/atelier-fanzine\/","title":{"rendered":"Fanzine workshop"},"content":{"rendered":"\n<p>Make your own fanzine from A to Z with <a href=\"https:\/\/chantalpeguiron.ch\">Chantal Peguiron<\/a> from the La b\u00fbche collective!<\/p>\n\n\n\n<p>Chantal Peguiron is an illustrator from Fribourg. She graduated from the \u00c9cole des arts appliqu\u00e9s in Geneva in 2013, and is continuing her training in visual communications in Lausanne. Passionate about esotericism, she draws her inspiration from this universe to create her works, mainly in watercolour. Fascinated by myths and folklore, she also enjoys reading fantasy novels. As a member of the Swiss comics association <em>La b\u00fbche<\/em>, Chantal stays in touch with the Swiss comics scene. Alongside her artistic activity, Chantal shares her expertise by offering watercolour and manga comic strip classes in Fribourg.<\/p>\n\n\n\n<p><a href=\"https:\/\/la-buche.ch\"><em>La b\u00fbche<\/em><\/a>, a collective fanzine launched in 2015 based on the observation that comics was still a predominantly male field, aims to raise the profile of female comics artists in French-speaking Switzerland and bring them together. Around the annual fanzine, with a free theme, themed special issues, exhibitions, workshops and performances take place throughout the year. It has now grown into an informal, dynamic and effective network of nearly a hundred female comic artists from all backgrounds, levels and styles, with a strong sense of mutual support, sisterhood and friendship. It is coordinated by half a dozen female artists who give their all passionately to the projects that are set up. Based in Lausanne, <em>La b\u00fbche<\/em> has its origins and its centre in the canton of Vaud, as well as a strong link with <a href=\"https:\/\/bdfil.ch\">BDFIL<\/a>, the festival being the annual venue for the presentation of publications. <em>La b\u00fbche<\/em> has helped to make the comics landscape in French-speaking Switzerland much more egalitarian, thanks to the multitude of projects that have been carried out, their impact and the way they have been received by the public and institutions, especially festivals, all in a constructive and artistic spirit. Many of the women who work in the field say they owe their entry into the professional comics world to this network, as well as their increased self-confidence in facing up to the pitfalls of an artistic field that is still largely undervalued.<\/p>\n\n\n\n<p>Find out more, including the names of all the contributors, and read all the publications for free online.<\/p>\n\n\n\n<hr class=\"wp-block-separator has-text-color has-white-color has-alpha-channel-opacity has-white-background-color has-background\"\/>\n\n\n\n<p>Registration required, limited places available. Price: CHF 30.-, including supplies and gourmet coffee.<\/p>\n\n\n\n<div class=\"wp-block-buttons is-layout-flex wp-block-buttons-is-layout-flex\">\n<div class=\"wp-block-button has-custom-font-size is-style-fill\" style=\"font-size:17px\"><a class=\"wp-block-button__link has-background has-text-align-center wp-element-button\" href=\"mailto:mbal@ne.ch\" style=\"border-radius:100px;background-color:#1100cd\">sign up<\/a><\/div>\n<\/div>\n\n\n\n<hr class=\"wp-block-separator has-text-color has-white-color has-alpha-channel-opacity has-white-background-color has-background\"\/>\n","protected":false},"featured_media":6692,"template":"","agenda_category":[62,68],"class_list":["post-6657","agenda","type-agenda","status-publish","has-post-thumbnail","hentry","agenda_category-atelier-de-creation-pour-adultes-en","agenda_category-creative-workshop-for-adults"],"acf":[],"yoast_head":"<!-- This site is optimized with the Yoast SEO plugin v27.4 - https:\/\/yoast.com\/product\/yoast-seo-wordpress\/ -->\n<title>Fanzine workshop - MBAL<\/title>\n<meta name=\"robots\" content=\"index, follow, max-snippet:-1, max-image-preview:large, max-video-preview:-1\" \/>\n<link rel=\"canonical\" href=\"https:\/\/www.mbal.ch\/en\/evenement\/atelier-fanzine\/\" \/>\n<meta property=\"og:locale\" content=\"en_US\" \/>\n<meta property=\"og:type\" content=\"article\" \/>\n<meta property=\"og:title\" content=\"Fanzine workshop - MBAL\" \/>\n<meta property=\"og:description\" content=\"Make your own fanzine from A to Z with Chantal Peguiron from the La b\u00fbche collective! Chantal Peguiron is an illustrator from Fribourg. She graduated from the \u00c9cole des arts appliqu\u00e9s in Geneva in 2013, and is continuing her training in visual communications in Lausanne. Passionate about esotericism, she draws her inspiration from this universe [&hellip;]\" \/>\n<meta property=\"og:url\" content=\"https:\/\/www.mbal.ch\/en\/evenement\/atelier-fanzine\/\" \/>\n<meta property=\"og:site_name\" content=\"MBAL\" \/>\n<meta property=\"article:publisher\" content=\"https:\/\/www.facebook.com\/mbalelocle\/?fref=ts\" \/>\n<meta property=\"article:modified_time\" content=\"2024-12-19T11:37:26+00:00\" \/>\n<meta property=\"og:image\" content=\"https:\/\/www.mbal.ch\/mbalwp\/wp-content\/uploads\/2024\/09\/Unknown.jpeg\" \/>\n\t<meta property=\"og:image:width\" content=\"1000\" \/>\n\t<meta property=\"og:image:height\" content=\"666\" \/>\n\t<meta property=\"og:image:type\" content=\"image\/jpeg\" \/>\n<meta name=\"twitter:card\" content=\"summary_large_image\" \/>\n<meta name=\"twitter:label1\" content=\"Est. reading time\" \/>\n\t<meta name=\"twitter:data1\" content=\"3 minutes\" \/>\n<script type=\"application\/ld+json\" class=\"yoast-schema-graph\">{\"@context\":\"https:\\\/\\\/schema.org\",\"@graph\":[{\"@type\":\"WebPage\",\"@id\":\"https:\\\/\\\/www.mbal.ch\\\/en\\\/evenement\\\/atelier-fanzine\\\/\",\"url\":\"https:\\\/\\\/www.mbal.ch\\\/en\\\/evenement\\\/atelier-fanzine\\\/\",\"name\":\"Fanzine workshop - MBAL\",\"isPartOf\":{\"@id\":\"https:\\\/\\\/www.mbal.ch\\\/#website\"},\"primaryImageOfPage\":{\"@id\":\"https:\\\/\\\/www.mbal.ch\\\/en\\\/evenement\\\/atelier-fanzine\\\/#primaryimage\"},\"image\":{\"@id\":\"https:\\\/\\\/www.mbal.ch\\\/en\\\/evenement\\\/atelier-fanzine\\\/#primaryimage\"},\"thumbnailUrl\":\"https:\\\/\\\/www.mbal.ch\\\/mbalwp\\\/wp-content\\\/uploads\\\/2024\\\/09\\\/Unknown.jpeg\",\"datePublished\":\"2024-09-13T09:47:26+00:00\",\"dateModified\":\"2024-12-19T11:37:26+00:00\",\"breadcrumb\":{\"@id\":\"https:\\\/\\\/www.mbal.ch\\\/en\\\/evenement\\\/atelier-fanzine\\\/#breadcrumb\"},\"inLanguage\":\"en-US\",\"potentialAction\":[{\"@type\":\"ReadAction\",\"target\":[\"https:\\\/\\\/www.mbal.ch\\\/en\\\/evenement\\\/atelier-fanzine\\\/\"]}]},{\"@type\":\"ImageObject\",\"inLanguage\":\"en-US\",\"@id\":\"https:\\\/\\\/www.mbal.ch\\\/en\\\/evenement\\\/atelier-fanzine\\\/#primaryimage\",\"url\":\"https:\\\/\\\/www.mbal.ch\\\/mbalwp\\\/wp-content\\\/uploads\\\/2024\\\/09\\\/Unknown.jpeg\",\"contentUrl\":\"https:\\\/\\\/www.mbal.ch\\\/mbalwp\\\/wp-content\\\/uploads\\\/2024\\\/09\\\/Unknown.jpeg\",\"width\":1000,\"height\":666},{\"@type\":\"BreadcrumbList\",\"@id\":\"https:\\\/\\\/www.mbal.ch\\\/en\\\/evenement\\\/atelier-fanzine\\\/#breadcrumb\",\"itemListElement\":[{\"@type\":\"ListItem\",\"position\":1,\"name\":\"Accueil\",\"item\":\"https:\\\/\\\/www.mbal.ch\\\/en\\\/\"},{\"@type\":\"ListItem\",\"position\":2,\"name\":\"Fanzine workshop\"}]},{\"@type\":\"WebSite\",\"@id\":\"https:\\\/\\\/www.mbal.ch\\\/#website\",\"url\":\"https:\\\/\\\/www.mbal.ch\\\/\",\"name\":\"MBAL\",\"description\":\"Mus\u00e9e des beaux-arts du Locle\",\"publisher\":{\"@id\":\"https:\\\/\\\/www.mbal.ch\\\/#organization\"},\"potentialAction\":[{\"@type\":\"SearchAction\",\"target\":{\"@type\":\"EntryPoint\",\"urlTemplate\":\"https:\\\/\\\/www.mbal.ch\\\/?s={search_term_string}\"},\"query-input\":{\"@type\":\"PropertyValueSpecification\",\"valueRequired\":true,\"valueName\":\"search_term_string\"}}],\"inLanguage\":\"en-US\"},{\"@type\":\"Organization\",\"@id\":\"https:\\\/\\\/www.mbal.ch\\\/#organization\",\"name\":\"Mus\u00e9e des beaux-arts du Locle\",\"url\":\"https:\\\/\\\/www.mbal.ch\\\/\",\"logo\":{\"@type\":\"ImageObject\",\"inLanguage\":\"en-US\",\"@id\":\"https:\\\/\\\/www.mbal.ch\\\/#\\\/schema\\\/logo\\\/image\\\/\",\"url\":\"https:\\\/\\\/www.mbal.ch\\\/mbalwp\\\/wp-content\\\/uploads\\\/2021\\\/01\\\/cropped-favicon_mbal.png\",\"contentUrl\":\"https:\\\/\\\/www.mbal.ch\\\/mbalwp\\\/wp-content\\\/uploads\\\/2021\\\/01\\\/cropped-favicon_mbal.png\",\"width\":512,\"height\":512,\"caption\":\"Mus\u00e9e des beaux-arts du Locle\"},\"image\":{\"@id\":\"https:\\\/\\\/www.mbal.ch\\\/#\\\/schema\\\/logo\\\/image\\\/\"},\"sameAs\":[\"https:\\\/\\\/www.facebook.com\\\/mbalelocle\\\/?fref=ts\",\"https:\\\/\\\/www.instagram.com\\\/mbalelocle\\\/\"]}]}<\/script>\n<!-- \/ Yoast SEO plugin. -->","yoast_head_json":{"title":"Fanzine workshop - MBAL","robots":{"index":"index","follow":"follow","max-snippet":"max-snippet:-1","max-image-preview":"max-image-preview:large","max-video-preview":"max-video-preview:-1"},"canonical":"https:\/\/www.mbal.ch\/en\/evenement\/atelier-fanzine\/","og_locale":"en_US","og_type":"article","og_title":"Fanzine workshop - MBAL","og_description":"Make your own fanzine from A to Z with Chantal Peguiron from the La b\u00fbche collective! Chantal Peguiron is an illustrator from Fribourg. She graduated from the \u00c9cole des arts appliqu\u00e9s in Geneva in 2013, and is continuing her training in visual communications in Lausanne. Passionate about esotericism, she draws her inspiration from this universe [&hellip;]","og_url":"https:\/\/www.mbal.ch\/en\/evenement\/atelier-fanzine\/","og_site_name":"MBAL","article_publisher":"https:\/\/www.facebook.com\/mbalelocle\/?fref=ts","article_modified_time":"2024-12-19T11:37:26+00:00","og_image":[{"width":1000,"height":666,"url":"https:\/\/www.mbal.ch\/mbalwp\/wp-content\/uploads\/2024\/09\/Unknown.jpeg","type":"image\/jpeg"}],"twitter_card":"summary_large_image","twitter_misc":{"Est. reading time":"3 minutes"},"schema":{"@context":"https:\/\/schema.org","@graph":[{"@type":"WebPage","@id":"https:\/\/www.mbal.ch\/en\/evenement\/atelier-fanzine\/","url":"https:\/\/www.mbal.ch\/en\/evenement\/atelier-fanzine\/","name":"Fanzine workshop - MBAL","isPartOf":{"@id":"https:\/\/www.mbal.ch\/#website"},"primaryImageOfPage":{"@id":"https:\/\/www.mbal.ch\/en\/evenement\/atelier-fanzine\/#primaryimage"},"image":{"@id":"https:\/\/www.mbal.ch\/en\/evenement\/atelier-fanzine\/#primaryimage"},"thumbnailUrl":"https:\/\/www.mbal.ch\/mbalwp\/wp-content\/uploads\/2024\/09\/Unknown.jpeg","datePublished":"2024-09-13T09:47:26+00:00","dateModified":"2024-12-19T11:37:26+00:00","breadcrumb":{"@id":"https:\/\/www.mbal.ch\/en\/evenement\/atelier-fanzine\/#breadcrumb"},"inLanguage":"en-US","potentialAction":[{"@type":"ReadAction","target":["https:\/\/www.mbal.ch\/en\/evenement\/atelier-fanzine\/"]}]},{"@type":"ImageObject","inLanguage":"en-US","@id":"https:\/\/www.mbal.ch\/en\/evenement\/atelier-fanzine\/#primaryimage","url":"https:\/\/www.mbal.ch\/mbalwp\/wp-content\/uploads\/2024\/09\/Unknown.jpeg","contentUrl":"https:\/\/www.mbal.ch\/mbalwp\/wp-content\/uploads\/2024\/09\/Unknown.jpeg","width":1000,"height":666},{"@type":"BreadcrumbList","@id":"https:\/\/www.mbal.ch\/en\/evenement\/atelier-fanzine\/#breadcrumb","itemListElement":[{"@type":"ListItem","position":1,"name":"Accueil","item":"https:\/\/www.mbal.ch\/en\/"},{"@type":"ListItem","position":2,"name":"Fanzine workshop"}]},{"@type":"WebSite","@id":"https:\/\/www.mbal.ch\/#website","url":"https:\/\/www.mbal.ch\/","name":"MBAL","description":"Mus\u00e9e des beaux-arts du Locle","publisher":{"@id":"https:\/\/www.mbal.ch\/#organization"},"potentialAction":[{"@type":"SearchAction","target":{"@type":"EntryPoint","urlTemplate":"https:\/\/www.mbal.ch\/?s={search_term_string}"},"query-input":{"@type":"PropertyValueSpecification","valueRequired":true,"valueName":"search_term_string"}}],"inLanguage":"en-US"},{"@type":"Organization","@id":"https:\/\/www.mbal.ch\/#organization","name":"Mus\u00e9e des beaux-arts du Locle","url":"https:\/\/www.mbal.ch\/","logo":{"@type":"ImageObject","inLanguage":"en-US","@id":"https:\/\/www.mbal.ch\/#\/schema\/logo\/image\/","url":"https:\/\/www.mbal.ch\/mbalwp\/wp-content\/uploads\/2021\/01\/cropped-favicon_mbal.png","contentUrl":"https:\/\/www.mbal.ch\/mbalwp\/wp-content\/uploads\/2021\/01\/cropped-favicon_mbal.png","width":512,"height":512,"caption":"Mus\u00e9e des beaux-arts du Locle"},"image":{"@id":"https:\/\/www.mbal.ch\/#\/schema\/logo\/image\/"},"sameAs":["https:\/\/www.facebook.com\/mbalelocle\/?fref=ts","https:\/\/www.instagram.com\/mbalelocle\/"]}]}},"_links":{"self":[{"href":"https:\/\/www.mbal.ch\/en\/wp-json\/wp\/v2\/agenda\/6657","targetHints":{"allow":["GET"]}}],"collection":[{"href":"https:\/\/www.mbal.ch\/en\/wp-json\/wp\/v2\/agenda"}],"about":[{"href":"https:\/\/www.mbal.ch\/en\/wp-json\/wp\/v2\/types\/agenda"}],"wp:featuredmedia":[{"embeddable":true,"href":"https:\/\/www.mbal.ch\/en\/wp-json\/wp\/v2\/media\/6692"}],"wp:attachment":[{"href":"https:\/\/www.mbal.ch\/en\/wp-json\/wp\/v2\/media?parent=6657"}],"wp:term":[{"taxonomy":"agenda_category","embeddable":true,"href":"https:\/\/www.mbal.ch\/en\/wp-json\/wp\/v2\/agenda_category?post=6657"}],"curies":[{"name":"wp","href":"https:\/\/api.w.org\/{rel}","templated":true}]}}

<p>Make your own fanzine from A to Z with <a href="https://chantalpeguiron.ch">Chantal Peguiron</a> from the La bûche collective!</p>



<p>Chantal Peguiron is an illustrator from Fribourg. She graduated from the École des arts appliqués in Geneva in 2013, and is continuing her training in visual communications in Lausanne. Passionate about esotericism, she draws her inspiration from this universe to create her works, mainly in watercolour. Fascinated by myths and folklore, she also enjoys reading fantasy novels. As a member of the Swiss comics association <em>La bûche</em>, Chantal stays in touch with the Swiss comics scene. Alongside her artistic activity, Chantal shares her expertise by offering watercolour and manga comic strip classes in Fribourg.</p>



<p><a href="https://la-buche.ch"><em>La bûche</em></a>, a collective fanzine launched in 2015 based on the observation that comics was still a predominantly male field, aims to raise the profile of female comics artists in French-speaking Switzerland and bring them together. Around the annual fanzine, with a free theme, themed special issues, exhibitions, workshops and performances take place throughout the year. It has now grown into an informal, dynamic and effective network of nearly a hundred female comic artists from all backgrounds, levels and styles, with a strong sense of mutual support, sisterhood and friendship. It is coordinated by half a dozen female artists who give their all passionately to the projects that are set up. Based in Lausanne, <em>La bûche</em> has its origins and its centre in the canton of Vaud, as well as a strong link with <a href="https://bdfil.ch">BDFIL</a>, the festival being the annual venue for the presentation of publications. <em>La bûche</em> has helped to make the comics landscape in French-speaking Switzerland much more egalitarian, thanks to the multitude of projects that have been carried out, their impact and the way they have been received by the public and institutions, especially festivals, all in a constructive and artistic spirit. Many of the women who work in the field say they owe their entry into the professional comics world to this network, as well as their increased self-confidence in facing up to the pitfalls of an artistic field that is still largely undervalued.</p>



<p>Find out more, including the names of all the contributors, and read all the publications for free online.</p>



<hr class="wp-block-separator has-text-color has-white-color has-alpha-channel-opacity has-white-background-color has-background"/>



<p>Registration required, limited places available. Price: CHF 30.-, including supplies and gourmet coffee.</p>



<div class="wp-block-buttons is-layout-flex wp-block-buttons-is-layout-flex">
<div class="wp-block-button has-custom-font-size is-style-fill" style="font-size:17px"><a class="wp-block-button__link has-background has-text-align-center wp-element-button" href="mailto:mbal@ne.ch" style="border-radius:100px;background-color:#1100cd">sign up</a></div>
</div>



<hr class="wp-block-separator has-text-color has-white-color has-alpha-channel-opacity has-white-background-color has-background"/>

<!-- This site is optimized with the Yoast SEO plugin v27.4 - https://yoast.com/product/yoast-seo-wordpress/ -->
<title>Fanzine workshop - MBAL</title>
<meta name="robots" content="index, follow, max-snippet:-1, max-image-preview:large, max-video-preview:-1" />
<link rel="canonical" href="https://www.mbal.ch/en/evenement/atelier-fanzine/" />
<meta property="og:locale" content="en_US" />
<meta property="og:type" content="article" />
<meta property="og:title" content="Fanzine workshop - MBAL" />
<meta property="og:description" content="Make your own fanzine from A to Z with Chantal Peguiron from the La bûche collective! Chantal Peguiron is an illustrator from Fribourg. She graduated from the École des arts appliqués in Geneva in 2013, and is continuing her training in visual communications in Lausanne. Passionate about esotericism, she draws her inspiration from this universe [&hellip;]" />
<meta property="og:url" content="https://www.mbal.ch/en/evenement/atelier-fanzine/" />
<meta property="og:site_name" content="MBAL" />
<meta property="article:publisher" content="https://www.facebook.com/mbalelocle/?fref=ts" />
<meta property="article:modified_time" content="2024-12-19T11:37:26+00:00" />
<meta property="og:image" content="https://www.mbal.ch/mbalwp/wp-content/uploads/2024/09/Unknown.jpeg" />
	<meta property="og:image:width" content="1000" />
	<meta property="og:image:height" content="666" />
	<meta property="og:image:type" content="image/jpeg" />
<meta name="twitter:card" content="summary_large_image" />
<meta name="twitter:label1" content="Est. reading time" />
	<meta name="twitter:data1" content="3 minutes" />
<script type="application/ld+json" class="yoast-schema-graph">{"@context":"https:\/\/schema.org","@graph":[{"@type":"WebPage","@id":"https:\/\/www.mbal.ch\/en\/evenement\/atelier-fanzine\/","url":"https:\/\/www.mbal.ch\/en\/evenement\/atelier-fanzine\/","name":"Fanzine workshop - MBAL","isPartOf":{"@id":"https:\/\/www.mbal.ch\/#website"},"primaryImageOfPage":{"@id":"https:\/\/www.mbal.ch\/en\/evenement\/atelier-fanzine\/#primaryimage"},"image":{"@id":"https:\/\/www.mbal.ch\/en\/evenement\/atelier-fanzine\/#primaryimage"},"thumbnailUrl":"https:\/\/www.mbal.ch\/mbalwp\/wp-content\/uploads\/2024\/09\/Unknown.jpeg","datePublished":"2024-09-13T09:47:26+00:00","dateModified":"2024-12-19T11:37:26+00:00","breadcrumb":{"@id":"https:\/\/www.mbal.ch\/en\/evenement\/atelier-fanzine\/#breadcrumb"},"inLanguage":"en-US","potentialAction":[{"@type":"ReadAction","target":["https:\/\/www.mbal.ch\/en\/evenement\/atelier-fanzine\/"]}]},{"@type":"ImageObject","inLanguage":"en-US","@id":"https:\/\/www.mbal.ch\/en\/evenement\/atelier-fanzine\/#primaryimage","url":"https:\/\/www.mbal.ch\/mbalwp\/wp-content\/uploads\/2024\/09\/Unknown.jpeg","contentUrl":"https:\/\/www.mbal.ch\/mbalwp\/wp-content\/uploads\/2024\/09\/Unknown.jpeg","width":1000,"height":666},{"@type":"BreadcrumbList","@id":"https:\/\/www.mbal.ch\/en\/evenement\/atelier-fanzine\/#breadcrumb","itemListElement":[{"@type":"ListItem","position":1,"name":"Accueil","item":"https:\/\/www.mbal.ch\/en\/"},{"@type":"ListItem","position":2,"name":"Fanzine workshop"}]},{"@type":"WebSite","@id":"https:\/\/www.mbal.ch\/#website","url":"https:\/\/www.mbal.ch\/","name":"MBAL","description":"Musée des beaux-arts du Locle","publisher":{"@id":"https:\/\/www.mbal.ch\/#organization"},"potentialAction":[{"@type":"SearchAction","target":{"@type":"EntryPoint","urlTemplate":"https:\/\/www.mbal.ch\/?s={search_term_string}"},"query-input":{"@type":"PropertyValueSpecification","valueRequired":true,"valueName":"search_term_string"}}],"inLanguage":"en-US"},{"@type":"Organization","@id":"https:\/\/www.mbal.ch\/#organization","name":"Musée des beaux-arts du Locle","url":"https:\/\/www.mbal.ch\/","logo":{"@type":"ImageObject","inLanguage":"en-US","@id":"https:\/\/www.mbal.ch\/#\/schema\/logo\/image\/","url":"https:\/\/www.mbal.ch\/mbalwp\/wp-content\/uploads\/2021\/01\/cropped-favicon_mbal.png","contentUrl":"https:\/\/www.mbal.ch\/mbalwp\/wp-content\/uploads\/2021\/01\/cropped-favicon_mbal.png","width":512,"height":512,"caption":"Musée des beaux-arts du Locle"},"image":{"@id":"https:\/\/www.mbal.ch\/#\/schema\/logo\/image\/"},"sameAs":["https:\/\/www.facebook.com\/mbalelocle\/?fref=ts","https:\/\/www.instagram.com\/mbalelocle\/"]}]}</script>
<!-- / Yoast SEO plugin. -->

Make your own fanzine from A to Z with Chantal Peguiron from the La bûche collective! Chantal Peguiron is an illustrator from Fribourg. She graduated from the École des arts appliqués in Geneva in 2013, and is continuing her training in visual communications in Lausanne. Passionate about esotericism, she draws her inspiration from this universe [&hellip;]

Musée des beaux-arts du Locle
