{"id":6111,"date":"2024-06-05T12:46:12","date_gmt":"2024-06-05T10:46:12","guid":{"rendered":"https:\/\/www.mbal.ch\/?post_type=agenda&#038;p=6111"},"modified":"2024-06-19T15:15:56","modified_gmt":"2024-06-19T13:15:56","slug":"presentation-of-the-book-the-magnetic-voices","status":"publish","type":"agenda","link":"https:\/\/www.mbal.ch\/en\/evenement\/presentation-of-the-book-the-magnetic-voices\/","title":{"rendered":"Presentation of the book the magnetic voices"},"content":{"rendered":"\n<p>want to delve into the history of the mythical monte verit\u00e0?<\/p>\n\n\n\n<p>second volume in the collection of the mbal and specially designed for its current exhibition<em> la scia del monte ou les utopistes magn\u00e9tiques<\/em>, <em><a href=\"https:\/\/www.mbal.ch\/en\/publication\/book-les-voix-magnetiques-2024-2\/\">the magnetic voices<\/a><\/em> (<em>les voix magn\u00e9tiques<\/em>) is a fascinating collection of quotes by women from&nbsp;monte verit\u00e0 designed in concrete poetry style by <a href=\"https:\/\/www.ciaopress.com\">nicolas polli <\/a>and mingled with the unique photographic archive of the hill of utopias.<\/p>\n\n\n\n<p>from ida hofmann and olga fr\u00f6be-kapteyn to sophie taeuber and una szeemann, learn more about the women who left their mark on monte verit\u00e0!<\/p>\n\n\n\n<p>book presentation with federica chiocchetti, co-editor and mbal\u2019s director, sophie mauch, co-editor, and una szeemann, exhibited artist.<\/p>\n\n\n\n<hr class=\"wp-block-separator has-text-color has-white-color has-alpha-channel-opacity has-white-background-color has-background\"\/>\n\n\n\n<p>this event will take place at <a href=\"https:\/\/www.cabaretvoltaire.ch\">cabaret voltaire<\/a>, and will be followed by an aperitif. free admission.<\/p>\n","protected":false},"featured_media":0,"template":"","agenda_category":[51,55],"class_list":["post-6111","agenda","type-agenda","status-publish","hentry","agenda_category-hors-les-murs-en","agenda_category-rencontre-en"],"acf":[],"yoast_head":"<!-- This site is optimized with the Yoast SEO plugin v27.4 - https:\/\/yoast.com\/product\/yoast-seo-wordpress\/ -->\n<title>Presentation of the book the magnetic voices - MBAL<\/title>\n<meta name=\"robots\" content=\"index, follow, max-snippet:-1, max-image-preview:large, max-video-preview:-1\" \/>\n<link rel=\"canonical\" href=\"https:\/\/www.mbal.ch\/en\/evenement\/presentation-of-the-book-the-magnetic-voices\/\" \/>\n<meta property=\"og:locale\" content=\"en_US\" \/>\n<meta property=\"og:type\" content=\"article\" \/>\n<meta property=\"og:title\" content=\"Presentation of the book the magnetic voices - MBAL\" \/>\n<meta property=\"og:description\" content=\"want to delve into the history of the mythical monte verit\u00e0? second volume in the collection of the mbal and specially designed for its current exhibition la scia del monte ou les utopistes magn\u00e9tiques, the magnetic voices (les voix magn\u00e9tiques) is a fascinating collection of quotes by women from&nbsp;monte verit\u00e0 designed in concrete poetry style [&hellip;]\" \/>\n<meta property=\"og:url\" content=\"https:\/\/www.mbal.ch\/en\/evenement\/presentation-of-the-book-the-magnetic-voices\/\" \/>\n<meta property=\"og:site_name\" content=\"MBAL\" \/>\n<meta property=\"article:publisher\" content=\"https:\/\/www.facebook.com\/mbalelocle\/?fref=ts\" \/>\n<meta property=\"article:modified_time\" content=\"2024-06-19T13:15:56+00:00\" \/>\n<meta property=\"og:image\" content=\"https:\/\/www.mbal.ch\/mbalwp\/wp-content\/uploads\/2024\/06\/4.-Sophie-Tauber-Arp_1-scaled.jpg\" \/>\n\t<meta property=\"og:image:width\" content=\"1927\" \/>\n\t<meta property=\"og:image:height\" content=\"2560\" \/>\n\t<meta property=\"og:image:type\" content=\"image\/jpeg\" \/>\n<meta name=\"twitter:card\" content=\"summary_large_image\" \/>\n<meta name=\"twitter:label1\" content=\"Est. reading time\" \/>\n\t<meta name=\"twitter:data1\" content=\"1 minute\" \/>\n<script type=\"application\/ld+json\" class=\"yoast-schema-graph\">{\"@context\":\"https:\\\/\\\/schema.org\",\"@graph\":[{\"@type\":\"WebPage\",\"@id\":\"https:\\\/\\\/www.mbal.ch\\\/en\\\/evenement\\\/presentation-of-the-book-the-magnetic-voices\\\/\",\"url\":\"https:\\\/\\\/www.mbal.ch\\\/en\\\/evenement\\\/presentation-of-the-book-the-magnetic-voices\\\/\",\"name\":\"Presentation of the book the magnetic voices - MBAL\",\"isPartOf\":{\"@id\":\"https:\\\/\\\/www.mbal.ch\\\/#website\"},\"datePublished\":\"2024-06-05T10:46:12+00:00\",\"dateModified\":\"2024-06-19T13:15:56+00:00\",\"breadcrumb\":{\"@id\":\"https:\\\/\\\/www.mbal.ch\\\/en\\\/evenement\\\/presentation-of-the-book-the-magnetic-voices\\\/#breadcrumb\"},\"inLanguage\":\"en-US\",\"potentialAction\":[{\"@type\":\"ReadAction\",\"target\":[\"https:\\\/\\\/www.mbal.ch\\\/en\\\/evenement\\\/presentation-of-the-book-the-magnetic-voices\\\/\"]}]},{\"@type\":\"BreadcrumbList\",\"@id\":\"https:\\\/\\\/www.mbal.ch\\\/en\\\/evenement\\\/presentation-of-the-book-the-magnetic-voices\\\/#breadcrumb\",\"itemListElement\":[{\"@type\":\"ListItem\",\"position\":1,\"name\":\"Accueil\",\"item\":\"https:\\\/\\\/www.mbal.ch\\\/en\\\/\"},{\"@type\":\"ListItem\",\"position\":2,\"name\":\"Presentation of the book the magnetic voices\"}]},{\"@type\":\"WebSite\",\"@id\":\"https:\\\/\\\/www.mbal.ch\\\/#website\",\"url\":\"https:\\\/\\\/www.mbal.ch\\\/\",\"name\":\"MBAL\",\"description\":\"Mus\u00e9e des beaux-arts du Locle\",\"publisher\":{\"@id\":\"https:\\\/\\\/www.mbal.ch\\\/#organization\"},\"potentialAction\":[{\"@type\":\"SearchAction\",\"target\":{\"@type\":\"EntryPoint\",\"urlTemplate\":\"https:\\\/\\\/www.mbal.ch\\\/?s={search_term_string}\"},\"query-input\":{\"@type\":\"PropertyValueSpecification\",\"valueRequired\":true,\"valueName\":\"search_term_string\"}}],\"inLanguage\":\"en-US\"},{\"@type\":\"Organization\",\"@id\":\"https:\\\/\\\/www.mbal.ch\\\/#organization\",\"name\":\"Mus\u00e9e des beaux-arts du Locle\",\"url\":\"https:\\\/\\\/www.mbal.ch\\\/\",\"logo\":{\"@type\":\"ImageObject\",\"inLanguage\":\"en-US\",\"@id\":\"https:\\\/\\\/www.mbal.ch\\\/#\\\/schema\\\/logo\\\/image\\\/\",\"url\":\"https:\\\/\\\/www.mbal.ch\\\/mbalwp\\\/wp-content\\\/uploads\\\/2021\\\/01\\\/cropped-favicon_mbal.png\",\"contentUrl\":\"https:\\\/\\\/www.mbal.ch\\\/mbalwp\\\/wp-content\\\/uploads\\\/2021\\\/01\\\/cropped-favicon_mbal.png\",\"width\":512,\"height\":512,\"caption\":\"Mus\u00e9e des beaux-arts du Locle\"},\"image\":{\"@id\":\"https:\\\/\\\/www.mbal.ch\\\/#\\\/schema\\\/logo\\\/image\\\/\"},\"sameAs\":[\"https:\\\/\\\/www.facebook.com\\\/mbalelocle\\\/?fref=ts\",\"https:\\\/\\\/www.instagram.com\\\/mbalelocle\\\/\"]}]}<\/script>\n<!-- \/ Yoast SEO plugin. -->","yoast_head_json":{"title":"Presentation of the book the magnetic voices - MBAL","robots":{"index":"index","follow":"follow","max-snippet":"max-snippet:-1","max-image-preview":"max-image-preview:large","max-video-preview":"max-video-preview:-1"},"canonical":"https:\/\/www.mbal.ch\/en\/evenement\/presentation-of-the-book-the-magnetic-voices\/","og_locale":"en_US","og_type":"article","og_title":"Presentation of the book the magnetic voices - MBAL","og_description":"want to delve into the history of the mythical monte verit\u00e0? second volume in the collection of the mbal and specially designed for its current exhibition la scia del monte ou les utopistes magn\u00e9tiques, the magnetic voices (les voix magn\u00e9tiques) is a fascinating collection of quotes by women from&nbsp;monte verit\u00e0 designed in concrete poetry style [&hellip;]","og_url":"https:\/\/www.mbal.ch\/en\/evenement\/presentation-of-the-book-the-magnetic-voices\/","og_site_name":"MBAL","article_publisher":"https:\/\/www.facebook.com\/mbalelocle\/?fref=ts","article_modified_time":"2024-06-19T13:15:56+00:00","og_image":[{"width":1927,"height":2560,"url":"https:\/\/www.mbal.ch\/mbalwp\/wp-content\/uploads\/2024\/06\/4.-Sophie-Tauber-Arp_1-scaled.jpg","type":"image\/jpeg"}],"twitter_card":"summary_large_image","twitter_misc":{"Est. reading time":"1 minute"},"schema":{"@context":"https:\/\/schema.org","@graph":[{"@type":"WebPage","@id":"https:\/\/www.mbal.ch\/en\/evenement\/presentation-of-the-book-the-magnetic-voices\/","url":"https:\/\/www.mbal.ch\/en\/evenement\/presentation-of-the-book-the-magnetic-voices\/","name":"Presentation of the book the magnetic voices - MBAL","isPartOf":{"@id":"https:\/\/www.mbal.ch\/#website"},"datePublished":"2024-06-05T10:46:12+00:00","dateModified":"2024-06-19T13:15:56+00:00","breadcrumb":{"@id":"https:\/\/www.mbal.ch\/en\/evenement\/presentation-of-the-book-the-magnetic-voices\/#breadcrumb"},"inLanguage":"en-US","potentialAction":[{"@type":"ReadAction","target":["https:\/\/www.mbal.ch\/en\/evenement\/presentation-of-the-book-the-magnetic-voices\/"]}]},{"@type":"BreadcrumbList","@id":"https:\/\/www.mbal.ch\/en\/evenement\/presentation-of-the-book-the-magnetic-voices\/#breadcrumb","itemListElement":[{"@type":"ListItem","position":1,"name":"Accueil","item":"https:\/\/www.mbal.ch\/en\/"},{"@type":"ListItem","position":2,"name":"Presentation of the book the magnetic voices"}]},{"@type":"WebSite","@id":"https:\/\/www.mbal.ch\/#website","url":"https:\/\/www.mbal.ch\/","name":"MBAL","description":"Mus\u00e9e des beaux-arts du Locle","publisher":{"@id":"https:\/\/www.mbal.ch\/#organization"},"potentialAction":[{"@type":"SearchAction","target":{"@type":"EntryPoint","urlTemplate":"https:\/\/www.mbal.ch\/?s={search_term_string}"},"query-input":{"@type":"PropertyValueSpecification","valueRequired":true,"valueName":"search_term_string"}}],"inLanguage":"en-US"},{"@type":"Organization","@id":"https:\/\/www.mbal.ch\/#organization","name":"Mus\u00e9e des beaux-arts du Locle","url":"https:\/\/www.mbal.ch\/","logo":{"@type":"ImageObject","inLanguage":"en-US","@id":"https:\/\/www.mbal.ch\/#\/schema\/logo\/image\/","url":"https:\/\/www.mbal.ch\/mbalwp\/wp-content\/uploads\/2021\/01\/cropped-favicon_mbal.png","contentUrl":"https:\/\/www.mbal.ch\/mbalwp\/wp-content\/uploads\/2021\/01\/cropped-favicon_mbal.png","width":512,"height":512,"caption":"Mus\u00e9e des beaux-arts du Locle"},"image":{"@id":"https:\/\/www.mbal.ch\/#\/schema\/logo\/image\/"},"sameAs":["https:\/\/www.facebook.com\/mbalelocle\/?fref=ts","https:\/\/www.instagram.com\/mbalelocle\/"]}]}},"_links":{"self":[{"href":"https:\/\/www.mbal.ch\/en\/wp-json\/wp\/v2\/agenda\/6111","targetHints":{"allow":["GET"]}}],"collection":[{"href":"https:\/\/www.mbal.ch\/en\/wp-json\/wp\/v2\/agenda"}],"about":[{"href":"https:\/\/www.mbal.ch\/en\/wp-json\/wp\/v2\/types\/agenda"}],"wp:attachment":[{"href":"https:\/\/www.mbal.ch\/en\/wp-json\/wp\/v2\/media?parent=6111"}],"wp:term":[{"taxonomy":"agenda_category","embeddable":true,"href":"https:\/\/www.mbal.ch\/en\/wp-json\/wp\/v2\/agenda_category?post=6111"}],"curies":[{"name":"wp","href":"https:\/\/api.w.org\/{rel}","templated":true}]}}

<p>want to delve into the history of the mythical monte verità?</p>



<p>second volume in the collection of the mbal and specially designed for its current exhibition<em> la scia del monte ou les utopistes magnétiques</em>, <em><a href="https://www.mbal.ch/en/publication/book-les-voix-magnetiques-2024-2/">the magnetic voices</a></em> (<em>les voix magnétiques</em>) is a fascinating collection of quotes by women from&nbsp;monte verità designed in concrete poetry style by <a href="https://www.ciaopress.com">nicolas polli </a>and mingled with the unique photographic archive of the hill of utopias.</p>



<p>from ida hofmann and olga fröbe-kapteyn to sophie taeuber and una szeemann, learn more about the women who left their mark on monte verità!</p>



<p>book presentation with federica chiocchetti, co-editor and mbal’s director, sophie mauch, co-editor, and una szeemann, exhibited artist.</p>



<hr class="wp-block-separator has-text-color has-white-color has-alpha-channel-opacity has-white-background-color has-background"/>



<p>this event will take place at <a href="https://www.cabaretvoltaire.ch">cabaret voltaire</a>, and will be followed by an aperitif. free admission.</p>

<!-- This site is optimized with the Yoast SEO plugin v27.4 - https://yoast.com/product/yoast-seo-wordpress/ -->
<title>Presentation of the book the magnetic voices - MBAL</title>
<meta name="robots" content="index, follow, max-snippet:-1, max-image-preview:large, max-video-preview:-1" />
<link rel="canonical" href="https://www.mbal.ch/en/evenement/presentation-of-the-book-the-magnetic-voices/" />
<meta property="og:locale" content="en_US" />
<meta property="og:type" content="article" />
<meta property="og:title" content="Presentation of the book the magnetic voices - MBAL" />
<meta property="og:description" content="want to delve into the history of the mythical monte verità? second volume in the collection of the mbal and specially designed for its current exhibition la scia del monte ou les utopistes magnétiques, the magnetic voices (les voix magnétiques) is a fascinating collection of quotes by women from&nbsp;monte verità designed in concrete poetry style [&hellip;]" />
<meta property="og:url" content="https://www.mbal.ch/en/evenement/presentation-of-the-book-the-magnetic-voices/" />
<meta property="og:site_name" content="MBAL" />
<meta property="article:publisher" content="https://www.facebook.com/mbalelocle/?fref=ts" />
<meta property="article:modified_time" content="2024-06-19T13:15:56+00:00" />
<meta property="og:image" content="https://www.mbal.ch/mbalwp/wp-content/uploads/2024/06/4.-Sophie-Tauber-Arp_1-scaled.jpg" />
	<meta property="og:image:width" content="1927" />
	<meta property="og:image:height" content="2560" />
	<meta property="og:image:type" content="image/jpeg" />
<meta name="twitter:card" content="summary_large_image" />
<meta name="twitter:label1" content="Est. reading time" />
	<meta name="twitter:data1" content="1 minute" />
<script type="application/ld+json" class="yoast-schema-graph">{"@context":"https:\/\/schema.org","@graph":[{"@type":"WebPage","@id":"https:\/\/www.mbal.ch\/en\/evenement\/presentation-of-the-book-the-magnetic-voices\/","url":"https:\/\/www.mbal.ch\/en\/evenement\/presentation-of-the-book-the-magnetic-voices\/","name":"Presentation of the book the magnetic voices - MBAL","isPartOf":{"@id":"https:\/\/www.mbal.ch\/#website"},"datePublished":"2024-06-05T10:46:12+00:00","dateModified":"2024-06-19T13:15:56+00:00","breadcrumb":{"@id":"https:\/\/www.mbal.ch\/en\/evenement\/presentation-of-the-book-the-magnetic-voices\/#breadcrumb"},"inLanguage":"en-US","potentialAction":[{"@type":"ReadAction","target":["https:\/\/www.mbal.ch\/en\/evenement\/presentation-of-the-book-the-magnetic-voices\/"]}]},{"@type":"BreadcrumbList","@id":"https:\/\/www.mbal.ch\/en\/evenement\/presentation-of-the-book-the-magnetic-voices\/#breadcrumb","itemListElement":[{"@type":"ListItem","position":1,"name":"Accueil","item":"https:\/\/www.mbal.ch\/en\/"},{"@type":"ListItem","position":2,"name":"Presentation of the book the magnetic voices"}]},{"@type":"WebSite","@id":"https:\/\/www.mbal.ch\/#website","url":"https:\/\/www.mbal.ch\/","name":"MBAL","description":"Musée des beaux-arts du Locle","publisher":{"@id":"https:\/\/www.mbal.ch\/#organization"},"potentialAction":[{"@type":"SearchAction","target":{"@type":"EntryPoint","urlTemplate":"https:\/\/www.mbal.ch\/?s={search_term_string}"},"query-input":{"@type":"PropertyValueSpecification","valueRequired":true,"valueName":"search_term_string"}}],"inLanguage":"en-US"},{"@type":"Organization","@id":"https:\/\/www.mbal.ch\/#organization","name":"Musée des beaux-arts du Locle","url":"https:\/\/www.mbal.ch\/","logo":{"@type":"ImageObject","inLanguage":"en-US","@id":"https:\/\/www.mbal.ch\/#\/schema\/logo\/image\/","url":"https:\/\/www.mbal.ch\/mbalwp\/wp-content\/uploads\/2021\/01\/cropped-favicon_mbal.png","contentUrl":"https:\/\/www.mbal.ch\/mbalwp\/wp-content\/uploads\/2021\/01\/cropped-favicon_mbal.png","width":512,"height":512,"caption":"Musée des beaux-arts du Locle"},"image":{"@id":"https:\/\/www.mbal.ch\/#\/schema\/logo\/image\/"},"sameAs":["https:\/\/www.facebook.com\/mbalelocle\/?fref=ts","https:\/\/www.instagram.com\/mbalelocle\/"]}]}</script>
<!-- / Yoast SEO plugin. -->

want to delve into the history of the mythical monte verità? second volume in the collection of the mbal and specially designed for its current exhibition la scia del monte ou les utopistes magnétiques, the magnetic voices (les voix magnétiques) is a fascinating collection of quotes by women from&nbsp;monte verità designed in concrete poetry style [&hellip;]

Musée des beaux-arts du Locle
