{"id":4563,"date":"2023-09-20T13:51:09","date_gmt":"2023-09-20T11:51:09","guid":{"rendered":"https:\/\/www.mbal.ch\/?post_type=agenda&#038;p=4563"},"modified":"2023-11-17T11:03:45","modified_gmt":"2023-11-17T10:03:45","slug":"film-screening","status":"publish","type":"agenda","link":"https:\/\/www.mbal.ch\/en\/evenement\/film-screening\/","title":{"rendered":"Film screening"},"content":{"rendered":"\n<p>Discover the sixth episode of the documentary <em><a href=\"https:\/\/choreographersatwork.ch\/de\">Choreographers at Work!<\/a><\/em> (Michelle Ettlin &amp; Mona De Weerdt, 2022), about choreographer Tabea Martin. The screening will be followed by a discussion and aperitif.<\/p>\n\n\n\n<p>Event taking place at the <a href=\"https:\/\/www.ancienne-poste.ch\/\">Ancienne Post<\/a>e (Le Locle), in collaboration with the <a href=\"https:\/\/www.danse-neuchatel.ch\/2023\/\">Association Danse Neuch\u00e2tel (ADN)<\/a>.<\/p>\n\n\n\n<p>Free entry, registration recommended.<\/p>\n\n\n\n<div class=\"wp-block-buttons is-layout-flex wp-block-buttons-is-layout-flex\">\n<div class=\"wp-block-button has-custom-font-size has-small-font-size\"><a class=\"wp-block-button__link has-background wp-element-button\" href=\"mailto:info@danse-neuchatel.ch\" style=\"background-color:#1100cd\">Book<\/a><\/div>\n<\/div>\n","protected":false},"featured_media":4516,"template":"","agenda_category":[21],"class_list":["post-4563","agenda","type-agenda","status-publish","has-post-thumbnail","hentry","agenda_category-cinema-en"],"acf":[],"yoast_head":"<!-- This site is optimized with the Yoast SEO plugin v27.4 - https:\/\/yoast.com\/product\/yoast-seo-wordpress\/ -->\n<title>Film screening - MBAL<\/title>\n<meta name=\"robots\" content=\"index, follow, max-snippet:-1, max-image-preview:large, max-video-preview:-1\" \/>\n<link rel=\"canonical\" href=\"https:\/\/www.mbal.ch\/en\/evenement\/film-screening\/\" \/>\n<meta property=\"og:locale\" content=\"en_US\" \/>\n<meta property=\"og:type\" content=\"article\" \/>\n<meta property=\"og:title\" content=\"Film screening - MBAL\" \/>\n<meta property=\"og:description\" content=\"Discover the sixth episode of the documentary Choreographers at Work! (Michelle Ettlin &amp; Mona De Weerdt, 2022), about choreographer Tabea Martin. The screening will be followed by a discussion and aperitif. Event taking place at the Ancienne Poste (Le Locle), in collaboration with the Association Danse Neuch\u00e2tel (ADN). Free entry, registration recommended.\" \/>\n<meta property=\"og:url\" content=\"https:\/\/www.mbal.ch\/en\/evenement\/film-screening\/\" \/>\n<meta property=\"og:site_name\" content=\"MBAL\" \/>\n<meta property=\"article:publisher\" content=\"https:\/\/www.facebook.com\/mbalelocle\/?fref=ts\" \/>\n<meta property=\"article:modified_time\" content=\"2023-11-17T10:03:45+00:00\" \/>\n<meta property=\"og:image\" content=\"https:\/\/www.mbal.ch\/mbalwp\/wp-content\/uploads\/2023\/09\/Press_Marta-Bogdanska_3_Australian-War_Memorial-scaled.jpg\" \/>\n\t<meta property=\"og:image:width\" content=\"2560\" \/>\n\t<meta property=\"og:image:height\" content=\"1888\" \/>\n\t<meta property=\"og:image:type\" content=\"image\/jpeg\" \/>\n<meta name=\"twitter:card\" content=\"summary_large_image\" \/>\n<meta name=\"twitter:label1\" content=\"Est. reading time\" \/>\n\t<meta name=\"twitter:data1\" content=\"1 minute\" \/>\n<script type=\"application\/ld+json\" class=\"yoast-schema-graph\">{\"@context\":\"https:\\\/\\\/schema.org\",\"@graph\":[{\"@type\":\"WebPage\",\"@id\":\"https:\\\/\\\/www.mbal.ch\\\/en\\\/evenement\\\/film-screening\\\/\",\"url\":\"https:\\\/\\\/www.mbal.ch\\\/en\\\/evenement\\\/film-screening\\\/\",\"name\":\"Film screening - MBAL\",\"isPartOf\":{\"@id\":\"https:\\\/\\\/www.mbal.ch\\\/#website\"},\"primaryImageOfPage\":{\"@id\":\"https:\\\/\\\/www.mbal.ch\\\/en\\\/evenement\\\/film-screening\\\/#primaryimage\"},\"image\":{\"@id\":\"https:\\\/\\\/www.mbal.ch\\\/en\\\/evenement\\\/film-screening\\\/#primaryimage\"},\"thumbnailUrl\":\"https:\\\/\\\/www.mbal.ch\\\/mbalwp\\\/wp-content\\\/uploads\\\/2023\\\/09\\\/Press_Marta-Bogdanska_3_Australian-War_Memorial-scaled.jpg\",\"datePublished\":\"2023-09-20T11:51:09+00:00\",\"dateModified\":\"2023-11-17T10:03:45+00:00\",\"breadcrumb\":{\"@id\":\"https:\\\/\\\/www.mbal.ch\\\/en\\\/evenement\\\/film-screening\\\/#breadcrumb\"},\"inLanguage\":\"en-US\",\"potentialAction\":[{\"@type\":\"ReadAction\",\"target\":[\"https:\\\/\\\/www.mbal.ch\\\/en\\\/evenement\\\/film-screening\\\/\"]}]},{\"@type\":\"ImageObject\",\"inLanguage\":\"en-US\",\"@id\":\"https:\\\/\\\/www.mbal.ch\\\/en\\\/evenement\\\/film-screening\\\/#primaryimage\",\"url\":\"https:\\\/\\\/www.mbal.ch\\\/mbalwp\\\/wp-content\\\/uploads\\\/2023\\\/09\\\/Press_Marta-Bogdanska_3_Australian-War_Memorial-scaled.jpg\",\"contentUrl\":\"https:\\\/\\\/www.mbal.ch\\\/mbalwp\\\/wp-content\\\/uploads\\\/2023\\\/09\\\/Press_Marta-Bogdanska_3_Australian-War_Memorial-scaled.jpg\",\"width\":2560,\"height\":1888,\"caption\":\"\u00a9 Australian War Memorial. Photo utilis\u00e9e dans le cadre du projet Vive la R\u00e9sistance ! de Marta Bogda\u0144ska, 2022.\"},{\"@type\":\"BreadcrumbList\",\"@id\":\"https:\\\/\\\/www.mbal.ch\\\/en\\\/evenement\\\/film-screening\\\/#breadcrumb\",\"itemListElement\":[{\"@type\":\"ListItem\",\"position\":1,\"name\":\"Accueil\",\"item\":\"https:\\\/\\\/www.mbal.ch\\\/en\\\/\"},{\"@type\":\"ListItem\",\"position\":2,\"name\":\"Film screening\"}]},{\"@type\":\"WebSite\",\"@id\":\"https:\\\/\\\/www.mbal.ch\\\/#website\",\"url\":\"https:\\\/\\\/www.mbal.ch\\\/\",\"name\":\"MBAL\",\"description\":\"Mus\u00e9e des beaux-arts du Locle\",\"publisher\":{\"@id\":\"https:\\\/\\\/www.mbal.ch\\\/#organization\"},\"potentialAction\":[{\"@type\":\"SearchAction\",\"target\":{\"@type\":\"EntryPoint\",\"urlTemplate\":\"https:\\\/\\\/www.mbal.ch\\\/?s={search_term_string}\"},\"query-input\":{\"@type\":\"PropertyValueSpecification\",\"valueRequired\":true,\"valueName\":\"search_term_string\"}}],\"inLanguage\":\"en-US\"},{\"@type\":\"Organization\",\"@id\":\"https:\\\/\\\/www.mbal.ch\\\/#organization\",\"name\":\"Mus\u00e9e des beaux-arts du Locle\",\"url\":\"https:\\\/\\\/www.mbal.ch\\\/\",\"logo\":{\"@type\":\"ImageObject\",\"inLanguage\":\"en-US\",\"@id\":\"https:\\\/\\\/www.mbal.ch\\\/#\\\/schema\\\/logo\\\/image\\\/\",\"url\":\"https:\\\/\\\/www.mbal.ch\\\/mbalwp\\\/wp-content\\\/uploads\\\/2021\\\/01\\\/cropped-favicon_mbal.png\",\"contentUrl\":\"https:\\\/\\\/www.mbal.ch\\\/mbalwp\\\/wp-content\\\/uploads\\\/2021\\\/01\\\/cropped-favicon_mbal.png\",\"width\":512,\"height\":512,\"caption\":\"Mus\u00e9e des beaux-arts du Locle\"},\"image\":{\"@id\":\"https:\\\/\\\/www.mbal.ch\\\/#\\\/schema\\\/logo\\\/image\\\/\"},\"sameAs\":[\"https:\\\/\\\/www.facebook.com\\\/mbalelocle\\\/?fref=ts\",\"https:\\\/\\\/www.instagram.com\\\/mbalelocle\\\/\"]}]}<\/script>\n<!-- \/ Yoast SEO plugin. -->","yoast_head_json":{"title":"Film screening - MBAL","robots":{"index":"index","follow":"follow","max-snippet":"max-snippet:-1","max-image-preview":"max-image-preview:large","max-video-preview":"max-video-preview:-1"},"canonical":"https:\/\/www.mbal.ch\/en\/evenement\/film-screening\/","og_locale":"en_US","og_type":"article","og_title":"Film screening - MBAL","og_description":"Discover the sixth episode of the documentary Choreographers at Work! (Michelle Ettlin &amp; Mona De Weerdt, 2022), about choreographer Tabea Martin. The screening will be followed by a discussion and aperitif. Event taking place at the Ancienne Poste (Le Locle), in collaboration with the Association Danse Neuch\u00e2tel (ADN). Free entry, registration recommended.","og_url":"https:\/\/www.mbal.ch\/en\/evenement\/film-screening\/","og_site_name":"MBAL","article_publisher":"https:\/\/www.facebook.com\/mbalelocle\/?fref=ts","article_modified_time":"2023-11-17T10:03:45+00:00","og_image":[{"width":2560,"height":1888,"url":"https:\/\/www.mbal.ch\/mbalwp\/wp-content\/uploads\/2023\/09\/Press_Marta-Bogdanska_3_Australian-War_Memorial-scaled.jpg","type":"image\/jpeg"}],"twitter_card":"summary_large_image","twitter_misc":{"Est. reading time":"1 minute"},"schema":{"@context":"https:\/\/schema.org","@graph":[{"@type":"WebPage","@id":"https:\/\/www.mbal.ch\/en\/evenement\/film-screening\/","url":"https:\/\/www.mbal.ch\/en\/evenement\/film-screening\/","name":"Film screening - MBAL","isPartOf":{"@id":"https:\/\/www.mbal.ch\/#website"},"primaryImageOfPage":{"@id":"https:\/\/www.mbal.ch\/en\/evenement\/film-screening\/#primaryimage"},"image":{"@id":"https:\/\/www.mbal.ch\/en\/evenement\/film-screening\/#primaryimage"},"thumbnailUrl":"https:\/\/www.mbal.ch\/mbalwp\/wp-content\/uploads\/2023\/09\/Press_Marta-Bogdanska_3_Australian-War_Memorial-scaled.jpg","datePublished":"2023-09-20T11:51:09+00:00","dateModified":"2023-11-17T10:03:45+00:00","breadcrumb":{"@id":"https:\/\/www.mbal.ch\/en\/evenement\/film-screening\/#breadcrumb"},"inLanguage":"en-US","potentialAction":[{"@type":"ReadAction","target":["https:\/\/www.mbal.ch\/en\/evenement\/film-screening\/"]}]},{"@type":"ImageObject","inLanguage":"en-US","@id":"https:\/\/www.mbal.ch\/en\/evenement\/film-screening\/#primaryimage","url":"https:\/\/www.mbal.ch\/mbalwp\/wp-content\/uploads\/2023\/09\/Press_Marta-Bogdanska_3_Australian-War_Memorial-scaled.jpg","contentUrl":"https:\/\/www.mbal.ch\/mbalwp\/wp-content\/uploads\/2023\/09\/Press_Marta-Bogdanska_3_Australian-War_Memorial-scaled.jpg","width":2560,"height":1888,"caption":"\u00a9 Australian War Memorial. Photo utilis\u00e9e dans le cadre du projet Vive la R\u00e9sistance ! de Marta Bogda\u0144ska, 2022."},{"@type":"BreadcrumbList","@id":"https:\/\/www.mbal.ch\/en\/evenement\/film-screening\/#breadcrumb","itemListElement":[{"@type":"ListItem","position":1,"name":"Accueil","item":"https:\/\/www.mbal.ch\/en\/"},{"@type":"ListItem","position":2,"name":"Film screening"}]},{"@type":"WebSite","@id":"https:\/\/www.mbal.ch\/#website","url":"https:\/\/www.mbal.ch\/","name":"MBAL","description":"Mus\u00e9e des beaux-arts du Locle","publisher":{"@id":"https:\/\/www.mbal.ch\/#organization"},"potentialAction":[{"@type":"SearchAction","target":{"@type":"EntryPoint","urlTemplate":"https:\/\/www.mbal.ch\/?s={search_term_string}"},"query-input":{"@type":"PropertyValueSpecification","valueRequired":true,"valueName":"search_term_string"}}],"inLanguage":"en-US"},{"@type":"Organization","@id":"https:\/\/www.mbal.ch\/#organization","name":"Mus\u00e9e des beaux-arts du Locle","url":"https:\/\/www.mbal.ch\/","logo":{"@type":"ImageObject","inLanguage":"en-US","@id":"https:\/\/www.mbal.ch\/#\/schema\/logo\/image\/","url":"https:\/\/www.mbal.ch\/mbalwp\/wp-content\/uploads\/2021\/01\/cropped-favicon_mbal.png","contentUrl":"https:\/\/www.mbal.ch\/mbalwp\/wp-content\/uploads\/2021\/01\/cropped-favicon_mbal.png","width":512,"height":512,"caption":"Mus\u00e9e des beaux-arts du Locle"},"image":{"@id":"https:\/\/www.mbal.ch\/#\/schema\/logo\/image\/"},"sameAs":["https:\/\/www.facebook.com\/mbalelocle\/?fref=ts","https:\/\/www.instagram.com\/mbalelocle\/"]}]}},"_links":{"self":[{"href":"https:\/\/www.mbal.ch\/en\/wp-json\/wp\/v2\/agenda\/4563","targetHints":{"allow":["GET"]}}],"collection":[{"href":"https:\/\/www.mbal.ch\/en\/wp-json\/wp\/v2\/agenda"}],"about":[{"href":"https:\/\/www.mbal.ch\/en\/wp-json\/wp\/v2\/types\/agenda"}],"wp:featuredmedia":[{"embeddable":true,"href":"https:\/\/www.mbal.ch\/en\/wp-json\/wp\/v2\/media\/4516"}],"wp:attachment":[{"href":"https:\/\/www.mbal.ch\/en\/wp-json\/wp\/v2\/media?parent=4563"}],"wp:term":[{"taxonomy":"agenda_category","embeddable":true,"href":"https:\/\/www.mbal.ch\/en\/wp-json\/wp\/v2\/agenda_category?post=4563"}],"curies":[{"name":"wp","href":"https:\/\/api.w.org\/{rel}","templated":true}]}}

<p>Discover the sixth episode of the documentary <em><a href="https://choreographersatwork.ch/de">Choreographers at Work!</a></em> (Michelle Ettlin &amp; Mona De Weerdt, 2022), about choreographer Tabea Martin. The screening will be followed by a discussion and aperitif.</p>



<p>Event taking place at the <a href="https://www.ancienne-poste.ch/">Ancienne Post</a>e (Le Locle), in collaboration with the <a href="https://www.danse-neuchatel.ch/2023/">Association Danse Neuchâtel (ADN)</a>.</p>



<p>Free entry, registration recommended.</p>



<div class="wp-block-buttons is-layout-flex wp-block-buttons-is-layout-flex">
<div class="wp-block-button has-custom-font-size has-small-font-size"><a class="wp-block-button__link has-background wp-element-button" href="mailto:info@danse-neuchatel.ch" style="background-color:#1100cd">Book</a></div>
</div>

<!-- This site is optimized with the Yoast SEO plugin v27.4 - https://yoast.com/product/yoast-seo-wordpress/ -->
<title>Film screening - MBAL</title>
<meta name="robots" content="index, follow, max-snippet:-1, max-image-preview:large, max-video-preview:-1" />
<link rel="canonical" href="https://www.mbal.ch/en/evenement/film-screening/" />
<meta property="og:locale" content="en_US" />
<meta property="og:type" content="article" />
<meta property="og:title" content="Film screening - MBAL" />
<meta property="og:description" content="Discover the sixth episode of the documentary Choreographers at Work! (Michelle Ettlin &amp; Mona De Weerdt, 2022), about choreographer Tabea Martin. The screening will be followed by a discussion and aperitif. Event taking place at the Ancienne Poste (Le Locle), in collaboration with the Association Danse Neuchâtel (ADN). Free entry, registration recommended." />
<meta property="og:url" content="https://www.mbal.ch/en/evenement/film-screening/" />
<meta property="og:site_name" content="MBAL" />
<meta property="article:publisher" content="https://www.facebook.com/mbalelocle/?fref=ts" />
<meta property="article:modified_time" content="2023-11-17T10:03:45+00:00" />
<meta property="og:image" content="https://www.mbal.ch/mbalwp/wp-content/uploads/2023/09/Press_Marta-Bogdanska_3_Australian-War_Memorial-scaled.jpg" />
	<meta property="og:image:width" content="2560" />
	<meta property="og:image:height" content="1888" />
	<meta property="og:image:type" content="image/jpeg" />
<meta name="twitter:card" content="summary_large_image" />
<meta name="twitter:label1" content="Est. reading time" />
	<meta name="twitter:data1" content="1 minute" />
<script type="application/ld+json" class="yoast-schema-graph">{"@context":"https:\/\/schema.org","@graph":[{"@type":"WebPage","@id":"https:\/\/www.mbal.ch\/en\/evenement\/film-screening\/","url":"https:\/\/www.mbal.ch\/en\/evenement\/film-screening\/","name":"Film screening - MBAL","isPartOf":{"@id":"https:\/\/www.mbal.ch\/#website"},"primaryImageOfPage":{"@id":"https:\/\/www.mbal.ch\/en\/evenement\/film-screening\/#primaryimage"},"image":{"@id":"https:\/\/www.mbal.ch\/en\/evenement\/film-screening\/#primaryimage"},"thumbnailUrl":"https:\/\/www.mbal.ch\/mbalwp\/wp-content\/uploads\/2023\/09\/Press_Marta-Bogdanska_3_Australian-War_Memorial-scaled.jpg","datePublished":"2023-09-20T11:51:09+00:00","dateModified":"2023-11-17T10:03:45+00:00","breadcrumb":{"@id":"https:\/\/www.mbal.ch\/en\/evenement\/film-screening\/#breadcrumb"},"inLanguage":"en-US","potentialAction":[{"@type":"ReadAction","target":["https:\/\/www.mbal.ch\/en\/evenement\/film-screening\/"]}]},{"@type":"ImageObject","inLanguage":"en-US","@id":"https:\/\/www.mbal.ch\/en\/evenement\/film-screening\/#primaryimage","url":"https:\/\/www.mbal.ch\/mbalwp\/wp-content\/uploads\/2023\/09\/Press_Marta-Bogdanska_3_Australian-War_Memorial-scaled.jpg","contentUrl":"https:\/\/www.mbal.ch\/mbalwp\/wp-content\/uploads\/2023\/09\/Press_Marta-Bogdanska_3_Australian-War_Memorial-scaled.jpg","width":2560,"height":1888,"caption":"© Australian War Memorial. Photo utilisée dans le cadre du projet Vive la Résistance ! de Marta Bogdańska, 2022."},{"@type":"BreadcrumbList","@id":"https:\/\/www.mbal.ch\/en\/evenement\/film-screening\/#breadcrumb","itemListElement":[{"@type":"ListItem","position":1,"name":"Accueil","item":"https:\/\/www.mbal.ch\/en\/"},{"@type":"ListItem","position":2,"name":"Film screening"}]},{"@type":"WebSite","@id":"https:\/\/www.mbal.ch\/#website","url":"https:\/\/www.mbal.ch\/","name":"MBAL","description":"Musée des beaux-arts du Locle","publisher":{"@id":"https:\/\/www.mbal.ch\/#organization"},"potentialAction":[{"@type":"SearchAction","target":{"@type":"EntryPoint","urlTemplate":"https:\/\/www.mbal.ch\/?s={search_term_string}"},"query-input":{"@type":"PropertyValueSpecification","valueRequired":true,"valueName":"search_term_string"}}],"inLanguage":"en-US"},{"@type":"Organization","@id":"https:\/\/www.mbal.ch\/#organization","name":"Musée des beaux-arts du Locle","url":"https:\/\/www.mbal.ch\/","logo":{"@type":"ImageObject","inLanguage":"en-US","@id":"https:\/\/www.mbal.ch\/#\/schema\/logo\/image\/","url":"https:\/\/www.mbal.ch\/mbalwp\/wp-content\/uploads\/2021\/01\/cropped-favicon_mbal.png","contentUrl":"https:\/\/www.mbal.ch\/mbalwp\/wp-content\/uploads\/2021\/01\/cropped-favicon_mbal.png","width":512,"height":512,"caption":"Musée des beaux-arts du Locle"},"image":{"@id":"https:\/\/www.mbal.ch\/#\/schema\/logo\/image\/"},"sameAs":["https:\/\/www.facebook.com\/mbalelocle\/?fref=ts","https:\/\/www.instagram.com\/mbalelocle\/"]}]}</script>
<!-- / Yoast SEO plugin. -->

Discover the sixth episode of the documentary Choreographers at Work! (Michelle Ettlin &amp; Mona De Weerdt, 2022), about choreographer Tabea Martin. The screening will be followed by a discussion and aperitif. Event taking place at the Ancienne Poste (Le Locle), in collaboration with the Association Danse Neuchâtel (ADN). Free entry, registration recommended.

© Australian War Memorial. Photo utilisée dans le cadre du projet Vive la Résistance ! de Marta Bogdańska, 2022.

Musée des beaux-arts du Locle
