{"id":3357,"date":"2022-11-23T14:15:56","date_gmt":"2022-11-23T13:15:56","guid":{"rendered":"https:\/\/www.mbal.ch\/?post_type=agenda&#038;p=3357"},"modified":"2022-11-23T14:15:56","modified_gmt":"2022-11-23T13:15:56","slug":"vom-see-concert","status":"publish","type":"agenda","link":"https:\/\/www.mbal.ch\/en\/evenement\/vom-see-concert\/","title":{"rendered":"Vom See concert"},"content":{"rendered":"\n<p>The MBAL is pleased to welcome you for a concert within its walls on September 04, 2022 at 16:00.<\/p>\n\n\n\n<p>It will be performed by the Duo VOM SEE composed of the soprano Judith Ankou\u00e9, and the pianist Sylvain Haderl\u00e9. These two musicians met at the Haute Ecole de Musique de Gen\u00e8ve in 2016 and had the opportunity to play together many times. Little by little, through concerts and masterclasses (Helmut Deutsch, Roger Vignolles, Alexander Mayr\u2026), the idea of forming a duo became obvious. This new formation allows the two artists to explore the repertoire of the German lied and the French melody in a precise and rigorous way, always in the pleasure to play together and to satisfy their artistic curiosity by constantly increasing their repertoire.<\/p>\n\n\n\n<p>In 2022 the Duo vom See won the 3rd prize for melody at the 1st competition of the Grandes voix lyriques d&#8217;Afrique in Paris and the 1st prize at the Mahler competition in Geneva.<\/p>\n\n\n\n<p>A guided tour of the exhibitions takes place before this event, open to all and included in the ticket price.<\/p>\n","protected":false},"featured_media":3158,"template":"","agenda_category":[22],"class_list":["post-3357","agenda","type-agenda","status-publish","has-post-thumbnail","hentry","agenda_category-shows"],"acf":[],"yoast_head":"<!-- This site is optimized with the Yoast SEO plugin v27.4 - https:\/\/yoast.com\/product\/yoast-seo-wordpress\/ -->\n<title>Vom See concert - MBAL<\/title>\n<meta name=\"robots\" content=\"index, follow, max-snippet:-1, max-image-preview:large, max-video-preview:-1\" \/>\n<link rel=\"canonical\" href=\"https:\/\/www.mbal.ch\/en\/evenement\/vom-see-concert\/\" \/>\n<meta property=\"og:locale\" content=\"en_US\" \/>\n<meta property=\"og:type\" content=\"article\" \/>\n<meta property=\"og:title\" content=\"Vom See concert - MBAL\" \/>\n<meta property=\"og:description\" content=\"The MBAL is pleased to welcome you for a concert within its walls on September 04, 2022 at 16:00. It will be performed by the Duo VOM SEE composed of the soprano Judith Ankou\u00e9, and the pianist Sylvain Haderl\u00e9. These two musicians met at the Haute Ecole de Musique de Gen\u00e8ve in 2016 and had [&hellip;]\" \/>\n<meta property=\"og:url\" content=\"https:\/\/www.mbal.ch\/en\/evenement\/vom-see-concert\/\" \/>\n<meta property=\"og:site_name\" content=\"MBAL\" \/>\n<meta property=\"article:publisher\" content=\"https:\/\/www.facebook.com\/mbalelocle\/?fref=ts\" \/>\n<meta property=\"og:image\" content=\"https:\/\/www.mbal.ch\/mbalwp\/wp-content\/uploads\/2022\/08\/Photo-duo-vom-See-scaled-e1660054512905.jpg\" \/>\n\t<meta property=\"og:image:width\" content=\"2560\" \/>\n\t<meta property=\"og:image:height\" content=\"1706\" \/>\n\t<meta property=\"og:image:type\" content=\"image\/jpeg\" \/>\n<meta name=\"twitter:card\" content=\"summary_large_image\" \/>\n<meta name=\"twitter:label1\" content=\"Est. reading time\" \/>\n\t<meta name=\"twitter:data1\" content=\"1 minute\" \/>\n<script type=\"application\/ld+json\" class=\"yoast-schema-graph\">{\"@context\":\"https:\\\/\\\/schema.org\",\"@graph\":[{\"@type\":\"WebPage\",\"@id\":\"https:\\\/\\\/www.mbal.ch\\\/en\\\/evenement\\\/vom-see-concert\\\/\",\"url\":\"https:\\\/\\\/www.mbal.ch\\\/en\\\/evenement\\\/vom-see-concert\\\/\",\"name\":\"Vom See concert - MBAL\",\"isPartOf\":{\"@id\":\"https:\\\/\\\/www.mbal.ch\\\/#website\"},\"primaryImageOfPage\":{\"@id\":\"https:\\\/\\\/www.mbal.ch\\\/en\\\/evenement\\\/vom-see-concert\\\/#primaryimage\"},\"image\":{\"@id\":\"https:\\\/\\\/www.mbal.ch\\\/en\\\/evenement\\\/vom-see-concert\\\/#primaryimage\"},\"thumbnailUrl\":\"https:\\\/\\\/www.mbal.ch\\\/mbalwp\\\/wp-content\\\/uploads\\\/2022\\\/08\\\/Photo-duo-vom-See-scaled-e1660054512905.jpg\",\"datePublished\":\"2022-11-23T13:15:56+00:00\",\"breadcrumb\":{\"@id\":\"https:\\\/\\\/www.mbal.ch\\\/en\\\/evenement\\\/vom-see-concert\\\/#breadcrumb\"},\"inLanguage\":\"en-US\",\"potentialAction\":[{\"@type\":\"ReadAction\",\"target\":[\"https:\\\/\\\/www.mbal.ch\\\/en\\\/evenement\\\/vom-see-concert\\\/\"]}]},{\"@type\":\"ImageObject\",\"inLanguage\":\"en-US\",\"@id\":\"https:\\\/\\\/www.mbal.ch\\\/en\\\/evenement\\\/vom-see-concert\\\/#primaryimage\",\"url\":\"https:\\\/\\\/www.mbal.ch\\\/mbalwp\\\/wp-content\\\/uploads\\\/2022\\\/08\\\/Photo-duo-vom-See-scaled-e1660054512905.jpg\",\"contentUrl\":\"https:\\\/\\\/www.mbal.ch\\\/mbalwp\\\/wp-content\\\/uploads\\\/2022\\\/08\\\/Photo-duo-vom-See-scaled-e1660054512905.jpg\",\"width\":2560,\"height\":1706},{\"@type\":\"BreadcrumbList\",\"@id\":\"https:\\\/\\\/www.mbal.ch\\\/en\\\/evenement\\\/vom-see-concert\\\/#breadcrumb\",\"itemListElement\":[{\"@type\":\"ListItem\",\"position\":1,\"name\":\"Accueil\",\"item\":\"https:\\\/\\\/www.mbal.ch\\\/en\\\/\"},{\"@type\":\"ListItem\",\"position\":2,\"name\":\"Vom See concert\"}]},{\"@type\":\"WebSite\",\"@id\":\"https:\\\/\\\/www.mbal.ch\\\/#website\",\"url\":\"https:\\\/\\\/www.mbal.ch\\\/\",\"name\":\"MBAL\",\"description\":\"Mus\u00e9e des beaux-arts du Locle\",\"publisher\":{\"@id\":\"https:\\\/\\\/www.mbal.ch\\\/#organization\"},\"potentialAction\":[{\"@type\":\"SearchAction\",\"target\":{\"@type\":\"EntryPoint\",\"urlTemplate\":\"https:\\\/\\\/www.mbal.ch\\\/?s={search_term_string}\"},\"query-input\":{\"@type\":\"PropertyValueSpecification\",\"valueRequired\":true,\"valueName\":\"search_term_string\"}}],\"inLanguage\":\"en-US\"},{\"@type\":\"Organization\",\"@id\":\"https:\\\/\\\/www.mbal.ch\\\/#organization\",\"name\":\"Mus\u00e9e des beaux-arts du Locle\",\"url\":\"https:\\\/\\\/www.mbal.ch\\\/\",\"logo\":{\"@type\":\"ImageObject\",\"inLanguage\":\"en-US\",\"@id\":\"https:\\\/\\\/www.mbal.ch\\\/#\\\/schema\\\/logo\\\/image\\\/\",\"url\":\"https:\\\/\\\/www.mbal.ch\\\/mbalwp\\\/wp-content\\\/uploads\\\/2021\\\/01\\\/cropped-favicon_mbal.png\",\"contentUrl\":\"https:\\\/\\\/www.mbal.ch\\\/mbalwp\\\/wp-content\\\/uploads\\\/2021\\\/01\\\/cropped-favicon_mbal.png\",\"width\":512,\"height\":512,\"caption\":\"Mus\u00e9e des beaux-arts du Locle\"},\"image\":{\"@id\":\"https:\\\/\\\/www.mbal.ch\\\/#\\\/schema\\\/logo\\\/image\\\/\"},\"sameAs\":[\"https:\\\/\\\/www.facebook.com\\\/mbalelocle\\\/?fref=ts\",\"https:\\\/\\\/www.instagram.com\\\/mbalelocle\\\/\"]}]}<\/script>\n<!-- \/ Yoast SEO plugin. -->","yoast_head_json":{"title":"Vom See concert - MBAL","robots":{"index":"index","follow":"follow","max-snippet":"max-snippet:-1","max-image-preview":"max-image-preview:large","max-video-preview":"max-video-preview:-1"},"canonical":"https:\/\/www.mbal.ch\/en\/evenement\/vom-see-concert\/","og_locale":"en_US","og_type":"article","og_title":"Vom See concert - MBAL","og_description":"The MBAL is pleased to welcome you for a concert within its walls on September 04, 2022 at 16:00. It will be performed by the Duo VOM SEE composed of the soprano Judith Ankou\u00e9, and the pianist Sylvain Haderl\u00e9. These two musicians met at the Haute Ecole de Musique de Gen\u00e8ve in 2016 and had [&hellip;]","og_url":"https:\/\/www.mbal.ch\/en\/evenement\/vom-see-concert\/","og_site_name":"MBAL","article_publisher":"https:\/\/www.facebook.com\/mbalelocle\/?fref=ts","og_image":[{"width":2560,"height":1706,"url":"https:\/\/www.mbal.ch\/mbalwp\/wp-content\/uploads\/2022\/08\/Photo-duo-vom-See-scaled-e1660054512905.jpg","type":"image\/jpeg"}],"twitter_card":"summary_large_image","twitter_misc":{"Est. reading time":"1 minute"},"schema":{"@context":"https:\/\/schema.org","@graph":[{"@type":"WebPage","@id":"https:\/\/www.mbal.ch\/en\/evenement\/vom-see-concert\/","url":"https:\/\/www.mbal.ch\/en\/evenement\/vom-see-concert\/","name":"Vom See concert - MBAL","isPartOf":{"@id":"https:\/\/www.mbal.ch\/#website"},"primaryImageOfPage":{"@id":"https:\/\/www.mbal.ch\/en\/evenement\/vom-see-concert\/#primaryimage"},"image":{"@id":"https:\/\/www.mbal.ch\/en\/evenement\/vom-see-concert\/#primaryimage"},"thumbnailUrl":"https:\/\/www.mbal.ch\/mbalwp\/wp-content\/uploads\/2022\/08\/Photo-duo-vom-See-scaled-e1660054512905.jpg","datePublished":"2022-11-23T13:15:56+00:00","breadcrumb":{"@id":"https:\/\/www.mbal.ch\/en\/evenement\/vom-see-concert\/#breadcrumb"},"inLanguage":"en-US","potentialAction":[{"@type":"ReadAction","target":["https:\/\/www.mbal.ch\/en\/evenement\/vom-see-concert\/"]}]},{"@type":"ImageObject","inLanguage":"en-US","@id":"https:\/\/www.mbal.ch\/en\/evenement\/vom-see-concert\/#primaryimage","url":"https:\/\/www.mbal.ch\/mbalwp\/wp-content\/uploads\/2022\/08\/Photo-duo-vom-See-scaled-e1660054512905.jpg","contentUrl":"https:\/\/www.mbal.ch\/mbalwp\/wp-content\/uploads\/2022\/08\/Photo-duo-vom-See-scaled-e1660054512905.jpg","width":2560,"height":1706},{"@type":"BreadcrumbList","@id":"https:\/\/www.mbal.ch\/en\/evenement\/vom-see-concert\/#breadcrumb","itemListElement":[{"@type":"ListItem","position":1,"name":"Accueil","item":"https:\/\/www.mbal.ch\/en\/"},{"@type":"ListItem","position":2,"name":"Vom See concert"}]},{"@type":"WebSite","@id":"https:\/\/www.mbal.ch\/#website","url":"https:\/\/www.mbal.ch\/","name":"MBAL","description":"Mus\u00e9e des beaux-arts du Locle","publisher":{"@id":"https:\/\/www.mbal.ch\/#organization"},"potentialAction":[{"@type":"SearchAction","target":{"@type":"EntryPoint","urlTemplate":"https:\/\/www.mbal.ch\/?s={search_term_string}"},"query-input":{"@type":"PropertyValueSpecification","valueRequired":true,"valueName":"search_term_string"}}],"inLanguage":"en-US"},{"@type":"Organization","@id":"https:\/\/www.mbal.ch\/#organization","name":"Mus\u00e9e des beaux-arts du Locle","url":"https:\/\/www.mbal.ch\/","logo":{"@type":"ImageObject","inLanguage":"en-US","@id":"https:\/\/www.mbal.ch\/#\/schema\/logo\/image\/","url":"https:\/\/www.mbal.ch\/mbalwp\/wp-content\/uploads\/2021\/01\/cropped-favicon_mbal.png","contentUrl":"https:\/\/www.mbal.ch\/mbalwp\/wp-content\/uploads\/2021\/01\/cropped-favicon_mbal.png","width":512,"height":512,"caption":"Mus\u00e9e des beaux-arts du Locle"},"image":{"@id":"https:\/\/www.mbal.ch\/#\/schema\/logo\/image\/"},"sameAs":["https:\/\/www.facebook.com\/mbalelocle\/?fref=ts","https:\/\/www.instagram.com\/mbalelocle\/"]}]}},"_links":{"self":[{"href":"https:\/\/www.mbal.ch\/en\/wp-json\/wp\/v2\/agenda\/3357","targetHints":{"allow":["GET"]}}],"collection":[{"href":"https:\/\/www.mbal.ch\/en\/wp-json\/wp\/v2\/agenda"}],"about":[{"href":"https:\/\/www.mbal.ch\/en\/wp-json\/wp\/v2\/types\/agenda"}],"wp:featuredmedia":[{"embeddable":true,"href":"https:\/\/www.mbal.ch\/en\/wp-json\/wp\/v2\/media\/3158"}],"wp:attachment":[{"href":"https:\/\/www.mbal.ch\/en\/wp-json\/wp\/v2\/media?parent=3357"}],"wp:term":[{"taxonomy":"agenda_category","embeddable":true,"href":"https:\/\/www.mbal.ch\/en\/wp-json\/wp\/v2\/agenda_category?post=3357"}],"curies":[{"name":"wp","href":"https:\/\/api.w.org\/{rel}","templated":true}]}}

<p>The MBAL is pleased to welcome you for a concert within its walls on September 04, 2022 at 16:00.</p>



<p>It will be performed by the Duo VOM SEE composed of the soprano Judith Ankoué, and the pianist Sylvain Haderlé. These two musicians met at the Haute Ecole de Musique de Genève in 2016 and had the opportunity to play together many times. Little by little, through concerts and masterclasses (Helmut Deutsch, Roger Vignolles, Alexander Mayr…), the idea of forming a duo became obvious. This new formation allows the two artists to explore the repertoire of the German lied and the French melody in a precise and rigorous way, always in the pleasure to play together and to satisfy their artistic curiosity by constantly increasing their repertoire.</p>



<p>In 2022 the Duo vom See won the 3rd prize for melody at the 1st competition of the Grandes voix lyriques d&#8217;Afrique in Paris and the 1st prize at the Mahler competition in Geneva.</p>



<p>A guided tour of the exhibitions takes place before this event, open to all and included in the ticket price.</p>

<!-- This site is optimized with the Yoast SEO plugin v27.4 - https://yoast.com/product/yoast-seo-wordpress/ -->
<title>Vom See concert - MBAL</title>
<meta name="robots" content="index, follow, max-snippet:-1, max-image-preview:large, max-video-preview:-1" />
<link rel="canonical" href="https://www.mbal.ch/en/evenement/vom-see-concert/" />
<meta property="og:locale" content="en_US" />
<meta property="og:type" content="article" />
<meta property="og:title" content="Vom See concert - MBAL" />
<meta property="og:description" content="The MBAL is pleased to welcome you for a concert within its walls on September 04, 2022 at 16:00. It will be performed by the Duo VOM SEE composed of the soprano Judith Ankoué, and the pianist Sylvain Haderlé. These two musicians met at the Haute Ecole de Musique de Genève in 2016 and had [&hellip;]" />
<meta property="og:url" content="https://www.mbal.ch/en/evenement/vom-see-concert/" />
<meta property="og:site_name" content="MBAL" />
<meta property="article:publisher" content="https://www.facebook.com/mbalelocle/?fref=ts" />
<meta property="og:image" content="https://www.mbal.ch/mbalwp/wp-content/uploads/2022/08/Photo-duo-vom-See-scaled-e1660054512905.jpg" />
	<meta property="og:image:width" content="2560" />
	<meta property="og:image:height" content="1706" />
	<meta property="og:image:type" content="image/jpeg" />
<meta name="twitter:card" content="summary_large_image" />
<meta name="twitter:label1" content="Est. reading time" />
	<meta name="twitter:data1" content="1 minute" />
<script type="application/ld+json" class="yoast-schema-graph">{"@context":"https:\/\/schema.org","@graph":[{"@type":"WebPage","@id":"https:\/\/www.mbal.ch\/en\/evenement\/vom-see-concert\/","url":"https:\/\/www.mbal.ch\/en\/evenement\/vom-see-concert\/","name":"Vom See concert - MBAL","isPartOf":{"@id":"https:\/\/www.mbal.ch\/#website"},"primaryImageOfPage":{"@id":"https:\/\/www.mbal.ch\/en\/evenement\/vom-see-concert\/#primaryimage"},"image":{"@id":"https:\/\/www.mbal.ch\/en\/evenement\/vom-see-concert\/#primaryimage"},"thumbnailUrl":"https:\/\/www.mbal.ch\/mbalwp\/wp-content\/uploads\/2022\/08\/Photo-duo-vom-See-scaled-e1660054512905.jpg","datePublished":"2022-11-23T13:15:56+00:00","breadcrumb":{"@id":"https:\/\/www.mbal.ch\/en\/evenement\/vom-see-concert\/#breadcrumb"},"inLanguage":"en-US","potentialAction":[{"@type":"ReadAction","target":["https:\/\/www.mbal.ch\/en\/evenement\/vom-see-concert\/"]}]},{"@type":"ImageObject","inLanguage":"en-US","@id":"https:\/\/www.mbal.ch\/en\/evenement\/vom-see-concert\/#primaryimage","url":"https:\/\/www.mbal.ch\/mbalwp\/wp-content\/uploads\/2022\/08\/Photo-duo-vom-See-scaled-e1660054512905.jpg","contentUrl":"https:\/\/www.mbal.ch\/mbalwp\/wp-content\/uploads\/2022\/08\/Photo-duo-vom-See-scaled-e1660054512905.jpg","width":2560,"height":1706},{"@type":"BreadcrumbList","@id":"https:\/\/www.mbal.ch\/en\/evenement\/vom-see-concert\/#breadcrumb","itemListElement":[{"@type":"ListItem","position":1,"name":"Accueil","item":"https:\/\/www.mbal.ch\/en\/"},{"@type":"ListItem","position":2,"name":"Vom See concert"}]},{"@type":"WebSite","@id":"https:\/\/www.mbal.ch\/#website","url":"https:\/\/www.mbal.ch\/","name":"MBAL","description":"Musée des beaux-arts du Locle","publisher":{"@id":"https:\/\/www.mbal.ch\/#organization"},"potentialAction":[{"@type":"SearchAction","target":{"@type":"EntryPoint","urlTemplate":"https:\/\/www.mbal.ch\/?s={search_term_string}"},"query-input":{"@type":"PropertyValueSpecification","valueRequired":true,"valueName":"search_term_string"}}],"inLanguage":"en-US"},{"@type":"Organization","@id":"https:\/\/www.mbal.ch\/#organization","name":"Musée des beaux-arts du Locle","url":"https:\/\/www.mbal.ch\/","logo":{"@type":"ImageObject","inLanguage":"en-US","@id":"https:\/\/www.mbal.ch\/#\/schema\/logo\/image\/","url":"https:\/\/www.mbal.ch\/mbalwp\/wp-content\/uploads\/2021\/01\/cropped-favicon_mbal.png","contentUrl":"https:\/\/www.mbal.ch\/mbalwp\/wp-content\/uploads\/2021\/01\/cropped-favicon_mbal.png","width":512,"height":512,"caption":"Musée des beaux-arts du Locle"},"image":{"@id":"https:\/\/www.mbal.ch\/#\/schema\/logo\/image\/"},"sameAs":["https:\/\/www.facebook.com\/mbalelocle\/?fref=ts","https:\/\/www.instagram.com\/mbalelocle\/"]}]}</script>
<!-- / Yoast SEO plugin. -->

The MBAL is pleased to welcome you for a concert within its walls on September 04, 2022 at 16:00. It will be performed by the Duo VOM SEE composed of the soprano Judith Ankoué, and the pianist Sylvain Haderlé. These two musicians met at the Haute Ecole de Musique de Genève in 2016 and had [&hellip;]

Musée des beaux-arts du Locle
