{"id":3033,"date":"2022-05-25T11:44:14","date_gmt":"2022-05-25T09:44:14","guid":{"rendered":"https:\/\/www.mbal.ch\/?post_type=agenda&#038;p=3033"},"modified":"2022-05-25T11:44:15","modified_gmt":"2022-05-25T09:44:15","slug":"brunch-2","status":"publish","type":"agenda","link":"https:\/\/www.mbal.ch\/en\/evenement\/brunch-2\/","title":{"rendered":"Brunch"},"content":{"rendered":"\n<p><strong>On Sunday the 19th of June, from 11 am to 2 pm.<\/strong><\/p>\n\n\n\n<p>Between bites, the adults freely visit the exhibitions and the kids do crafts with our mediator.<br>For children of all ages<br>Limited space, registration recommended. Adult : 18.- \/ Children : 12.-<\/p>\n","protected":false},"featured_media":3031,"template":"","agenda_category":[32],"class_list":["post-3033","agenda","type-agenda","status-publish","has-post-thumbnail","hentry","agenda_category-brunch-en"],"acf":[],"yoast_head":"<!-- This site is optimized with the Yoast SEO plugin v27.4 - https:\/\/yoast.com\/product\/yoast-seo-wordpress\/ -->\n<title>Brunch - MBAL<\/title>\n<meta name=\"robots\" content=\"index, follow, max-snippet:-1, max-image-preview:large, max-video-preview:-1\" \/>\n<link rel=\"canonical\" href=\"https:\/\/www.mbal.ch\/evenement\/brunch-2\/?lang=en\" \/>\n<meta property=\"og:locale\" content=\"en_US\" \/>\n<meta property=\"og:type\" content=\"article\" \/>\n<meta property=\"og:title\" content=\"Brunch - MBAL\" \/>\n<meta property=\"og:description\" content=\"On Sunday the 19th of June, from 11 am to 2 pm. Between bites, the adults freely visit the exhibitions and the kids do crafts with our mediator.For children of all agesLimited space, registration recommended. Adult : 18.- \/ Children : 12.-\" \/>\n<meta property=\"og:url\" content=\"https:\/\/www.mbal.ch\/evenement\/brunch-2\/?lang=en\" \/>\n<meta property=\"og:site_name\" content=\"MBAL\" \/>\n<meta property=\"article:publisher\" content=\"https:\/\/www.facebook.com\/mbalelocle\/?fref=ts\" \/>\n<meta property=\"article:modified_time\" content=\"2022-05-25T09:44:15+00:00\" \/>\n<meta property=\"og:image\" content=\"https:\/\/www.mbal.ch\/mbalwp\/wp-content\/uploads\/2022\/05\/\u00a9-2018-Amelie-Blanc-16-scaled.jpg\" \/>\n\t<meta property=\"og:image:width\" content=\"2560\" \/>\n\t<meta property=\"og:image:height\" content=\"1706\" \/>\n\t<meta property=\"og:image:type\" content=\"image\/jpeg\" \/>\n<meta name=\"twitter:card\" content=\"summary_large_image\" \/>\n<meta name=\"twitter:label1\" content=\"Est. reading time\" \/>\n\t<meta name=\"twitter:data1\" content=\"1 minute\" \/>\n<script type=\"application\/ld+json\" class=\"yoast-schema-graph\">{\"@context\":\"https:\\\/\\\/schema.org\",\"@graph\":[{\"@type\":\"WebPage\",\"@id\":\"https:\\\/\\\/www.mbal.ch\\\/evenement\\\/brunch-2\\\/?lang=en\",\"url\":\"https:\\\/\\\/www.mbal.ch\\\/evenement\\\/brunch-2\\\/?lang=en\",\"name\":\"Brunch - MBAL\",\"isPartOf\":{\"@id\":\"https:\\\/\\\/www.mbal.ch\\\/#website\"},\"primaryImageOfPage\":{\"@id\":\"https:\\\/\\\/www.mbal.ch\\\/evenement\\\/brunch-2\\\/?lang=en#primaryimage\"},\"image\":{\"@id\":\"https:\\\/\\\/www.mbal.ch\\\/evenement\\\/brunch-2\\\/?lang=en#primaryimage\"},\"thumbnailUrl\":\"https:\\\/\\\/www.mbal.ch\\\/mbalwp\\\/wp-content\\\/uploads\\\/2022\\\/05\\\/\u00a9-2018-Amelie-Blanc-16-scaled.jpg\",\"datePublished\":\"2022-05-25T09:44:14+00:00\",\"dateModified\":\"2022-05-25T09:44:15+00:00\",\"breadcrumb\":{\"@id\":\"https:\\\/\\\/www.mbal.ch\\\/evenement\\\/brunch-2\\\/?lang=en#breadcrumb\"},\"inLanguage\":\"en-US\",\"potentialAction\":[{\"@type\":\"ReadAction\",\"target\":[\"https:\\\/\\\/www.mbal.ch\\\/evenement\\\/brunch-2\\\/?lang=en\"]}]},{\"@type\":\"ImageObject\",\"inLanguage\":\"en-US\",\"@id\":\"https:\\\/\\\/www.mbal.ch\\\/evenement\\\/brunch-2\\\/?lang=en#primaryimage\",\"url\":\"https:\\\/\\\/www.mbal.ch\\\/mbalwp\\\/wp-content\\\/uploads\\\/2022\\\/05\\\/\u00a9-2018-Amelie-Blanc-16-scaled.jpg\",\"contentUrl\":\"https:\\\/\\\/www.mbal.ch\\\/mbalwp\\\/wp-content\\\/uploads\\\/2022\\\/05\\\/\u00a9-2018-Amelie-Blanc-16-scaled.jpg\",\"width\":2560,\"height\":1706,\"caption\":\"\u00a9 2018, Mus\u00e9e des beaux-arts du Locle. Photographie: Am\u00e9lie Blanc. Tout droits r\u00e9serv\u00e9s.\"},{\"@type\":\"BreadcrumbList\",\"@id\":\"https:\\\/\\\/www.mbal.ch\\\/evenement\\\/brunch-2\\\/?lang=en#breadcrumb\",\"itemListElement\":[{\"@type\":\"ListItem\",\"position\":1,\"name\":\"Accueil\",\"item\":\"https:\\\/\\\/www.mbal.ch\\\/en\\\/\"},{\"@type\":\"ListItem\",\"position\":2,\"name\":\"Brunch\"}]},{\"@type\":\"WebSite\",\"@id\":\"https:\\\/\\\/www.mbal.ch\\\/#website\",\"url\":\"https:\\\/\\\/www.mbal.ch\\\/\",\"name\":\"MBAL\",\"description\":\"Mus\u00e9e des beaux-arts du Locle\",\"publisher\":{\"@id\":\"https:\\\/\\\/www.mbal.ch\\\/#organization\"},\"potentialAction\":[{\"@type\":\"SearchAction\",\"target\":{\"@type\":\"EntryPoint\",\"urlTemplate\":\"https:\\\/\\\/www.mbal.ch\\\/?s={search_term_string}\"},\"query-input\":{\"@type\":\"PropertyValueSpecification\",\"valueRequired\":true,\"valueName\":\"search_term_string\"}}],\"inLanguage\":\"en-US\"},{\"@type\":\"Organization\",\"@id\":\"https:\\\/\\\/www.mbal.ch\\\/#organization\",\"name\":\"Mus\u00e9e des beaux-arts du Locle\",\"url\":\"https:\\\/\\\/www.mbal.ch\\\/\",\"logo\":{\"@type\":\"ImageObject\",\"inLanguage\":\"en-US\",\"@id\":\"https:\\\/\\\/www.mbal.ch\\\/#\\\/schema\\\/logo\\\/image\\\/\",\"url\":\"https:\\\/\\\/www.mbal.ch\\\/mbalwp\\\/wp-content\\\/uploads\\\/2021\\\/01\\\/cropped-favicon_mbal.png\",\"contentUrl\":\"https:\\\/\\\/www.mbal.ch\\\/mbalwp\\\/wp-content\\\/uploads\\\/2021\\\/01\\\/cropped-favicon_mbal.png\",\"width\":512,\"height\":512,\"caption\":\"Mus\u00e9e des beaux-arts du Locle\"},\"image\":{\"@id\":\"https:\\\/\\\/www.mbal.ch\\\/#\\\/schema\\\/logo\\\/image\\\/\"},\"sameAs\":[\"https:\\\/\\\/www.facebook.com\\\/mbalelocle\\\/?fref=ts\",\"https:\\\/\\\/www.instagram.com\\\/mbalelocle\\\/\"]}]}<\/script>\n<!-- \/ Yoast SEO plugin. -->","yoast_head_json":{"title":"Brunch - MBAL","robots":{"index":"index","follow":"follow","max-snippet":"max-snippet:-1","max-image-preview":"max-image-preview:large","max-video-preview":"max-video-preview:-1"},"canonical":"https:\/\/www.mbal.ch\/evenement\/brunch-2\/?lang=en","og_locale":"en_US","og_type":"article","og_title":"Brunch - MBAL","og_description":"On Sunday the 19th of June, from 11 am to 2 pm. Between bites, the adults freely visit the exhibitions and the kids do crafts with our mediator.For children of all agesLimited space, registration recommended. Adult : 18.- \/ Children : 12.-","og_url":"https:\/\/www.mbal.ch\/evenement\/brunch-2\/?lang=en","og_site_name":"MBAL","article_publisher":"https:\/\/www.facebook.com\/mbalelocle\/?fref=ts","article_modified_time":"2022-05-25T09:44:15+00:00","og_image":[{"width":2560,"height":1706,"url":"https:\/\/www.mbal.ch\/mbalwp\/wp-content\/uploads\/2022\/05\/\u00a9-2018-Amelie-Blanc-16-scaled.jpg","type":"image\/jpeg"}],"twitter_card":"summary_large_image","twitter_misc":{"Est. reading time":"1 minute"},"schema":{"@context":"https:\/\/schema.org","@graph":[{"@type":"WebPage","@id":"https:\/\/www.mbal.ch\/evenement\/brunch-2\/?lang=en","url":"https:\/\/www.mbal.ch\/evenement\/brunch-2\/?lang=en","name":"Brunch - MBAL","isPartOf":{"@id":"https:\/\/www.mbal.ch\/#website"},"primaryImageOfPage":{"@id":"https:\/\/www.mbal.ch\/evenement\/brunch-2\/?lang=en#primaryimage"},"image":{"@id":"https:\/\/www.mbal.ch\/evenement\/brunch-2\/?lang=en#primaryimage"},"thumbnailUrl":"https:\/\/www.mbal.ch\/mbalwp\/wp-content\/uploads\/2022\/05\/\u00a9-2018-Amelie-Blanc-16-scaled.jpg","datePublished":"2022-05-25T09:44:14+00:00","dateModified":"2022-05-25T09:44:15+00:00","breadcrumb":{"@id":"https:\/\/www.mbal.ch\/evenement\/brunch-2\/?lang=en#breadcrumb"},"inLanguage":"en-US","potentialAction":[{"@type":"ReadAction","target":["https:\/\/www.mbal.ch\/evenement\/brunch-2\/?lang=en"]}]},{"@type":"ImageObject","inLanguage":"en-US","@id":"https:\/\/www.mbal.ch\/evenement\/brunch-2\/?lang=en#primaryimage","url":"https:\/\/www.mbal.ch\/mbalwp\/wp-content\/uploads\/2022\/05\/\u00a9-2018-Amelie-Blanc-16-scaled.jpg","contentUrl":"https:\/\/www.mbal.ch\/mbalwp\/wp-content\/uploads\/2022\/05\/\u00a9-2018-Amelie-Blanc-16-scaled.jpg","width":2560,"height":1706,"caption":"\u00a9 2018, Mus\u00e9e des beaux-arts du Locle. Photographie: Am\u00e9lie Blanc. Tout droits r\u00e9serv\u00e9s."},{"@type":"BreadcrumbList","@id":"https:\/\/www.mbal.ch\/evenement\/brunch-2\/?lang=en#breadcrumb","itemListElement":[{"@type":"ListItem","position":1,"name":"Accueil","item":"https:\/\/www.mbal.ch\/en\/"},{"@type":"ListItem","position":2,"name":"Brunch"}]},{"@type":"WebSite","@id":"https:\/\/www.mbal.ch\/#website","url":"https:\/\/www.mbal.ch\/","name":"MBAL","description":"Mus\u00e9e des beaux-arts du Locle","publisher":{"@id":"https:\/\/www.mbal.ch\/#organization"},"potentialAction":[{"@type":"SearchAction","target":{"@type":"EntryPoint","urlTemplate":"https:\/\/www.mbal.ch\/?s={search_term_string}"},"query-input":{"@type":"PropertyValueSpecification","valueRequired":true,"valueName":"search_term_string"}}],"inLanguage":"en-US"},{"@type":"Organization","@id":"https:\/\/www.mbal.ch\/#organization","name":"Mus\u00e9e des beaux-arts du Locle","url":"https:\/\/www.mbal.ch\/","logo":{"@type":"ImageObject","inLanguage":"en-US","@id":"https:\/\/www.mbal.ch\/#\/schema\/logo\/image\/","url":"https:\/\/www.mbal.ch\/mbalwp\/wp-content\/uploads\/2021\/01\/cropped-favicon_mbal.png","contentUrl":"https:\/\/www.mbal.ch\/mbalwp\/wp-content\/uploads\/2021\/01\/cropped-favicon_mbal.png","width":512,"height":512,"caption":"Mus\u00e9e des beaux-arts du Locle"},"image":{"@id":"https:\/\/www.mbal.ch\/#\/schema\/logo\/image\/"},"sameAs":["https:\/\/www.facebook.com\/mbalelocle\/?fref=ts","https:\/\/www.instagram.com\/mbalelocle\/"]}]}},"_links":{"self":[{"href":"https:\/\/www.mbal.ch\/en\/wp-json\/wp\/v2\/agenda\/3033","targetHints":{"allow":["GET"]}}],"collection":[{"href":"https:\/\/www.mbal.ch\/en\/wp-json\/wp\/v2\/agenda"}],"about":[{"href":"https:\/\/www.mbal.ch\/en\/wp-json\/wp\/v2\/types\/agenda"}],"wp:featuredmedia":[{"embeddable":true,"href":"https:\/\/www.mbal.ch\/en\/wp-json\/wp\/v2\/media\/3031"}],"wp:attachment":[{"href":"https:\/\/www.mbal.ch\/en\/wp-json\/wp\/v2\/media?parent=3033"}],"wp:term":[{"taxonomy":"agenda_category","embeddable":true,"href":"https:\/\/www.mbal.ch\/en\/wp-json\/wp\/v2\/agenda_category?post=3033"}],"curies":[{"name":"wp","href":"https:\/\/api.w.org\/{rel}","templated":true}]}}

<!-- This site is optimized with the Yoast SEO plugin v27.4 - https://yoast.com/product/yoast-seo-wordpress/ -->
<title>Brunch - MBAL</title>
<meta name="robots" content="index, follow, max-snippet:-1, max-image-preview:large, max-video-preview:-1" />
<link rel="canonical" href="https://www.mbal.ch/evenement/brunch-2/?lang=en" />
<meta property="og:locale" content="en_US" />
<meta property="og:type" content="article" />
<meta property="og:title" content="Brunch - MBAL" />
<meta property="og:description" content="On Sunday the 19th of June, from 11 am to 2 pm. Between bites, the adults freely visit the exhibitions and the kids do crafts with our mediator.For children of all agesLimited space, registration recommended. Adult : 18.- / Children : 12.-" />
<meta property="og:url" content="https://www.mbal.ch/evenement/brunch-2/?lang=en" />
<meta property="og:site_name" content="MBAL" />
<meta property="article:publisher" content="https://www.facebook.com/mbalelocle/?fref=ts" />
<meta property="article:modified_time" content="2022-05-25T09:44:15+00:00" />
<meta property="og:image" content="https://www.mbal.ch/mbalwp/wp-content/uploads/2022/05/©-2018-Amelie-Blanc-16-scaled.jpg" />
	<meta property="og:image:width" content="2560" />
	<meta property="og:image:height" content="1706" />
	<meta property="og:image:type" content="image/jpeg" />
<meta name="twitter:card" content="summary_large_image" />
<meta name="twitter:label1" content="Est. reading time" />
	<meta name="twitter:data1" content="1 minute" />
<script type="application/ld+json" class="yoast-schema-graph">{"@context":"https:\/\/schema.org","@graph":[{"@type":"WebPage","@id":"https:\/\/www.mbal.ch\/evenement\/brunch-2\/?lang=en","url":"https:\/\/www.mbal.ch\/evenement\/brunch-2\/?lang=en","name":"Brunch - MBAL","isPartOf":{"@id":"https:\/\/www.mbal.ch\/#website"},"primaryImageOfPage":{"@id":"https:\/\/www.mbal.ch\/evenement\/brunch-2\/?lang=en#primaryimage"},"image":{"@id":"https:\/\/www.mbal.ch\/evenement\/brunch-2\/?lang=en#primaryimage"},"thumbnailUrl":"https:\/\/www.mbal.ch\/mbalwp\/wp-content\/uploads\/2022\/05\/©-2018-Amelie-Blanc-16-scaled.jpg","datePublished":"2022-05-25T09:44:14+00:00","dateModified":"2022-05-25T09:44:15+00:00","breadcrumb":{"@id":"https:\/\/www.mbal.ch\/evenement\/brunch-2\/?lang=en#breadcrumb"},"inLanguage":"en-US","potentialAction":[{"@type":"ReadAction","target":["https:\/\/www.mbal.ch\/evenement\/brunch-2\/?lang=en"]}]},{"@type":"ImageObject","inLanguage":"en-US","@id":"https:\/\/www.mbal.ch\/evenement\/brunch-2\/?lang=en#primaryimage","url":"https:\/\/www.mbal.ch\/mbalwp\/wp-content\/uploads\/2022\/05\/©-2018-Amelie-Blanc-16-scaled.jpg","contentUrl":"https:\/\/www.mbal.ch\/mbalwp\/wp-content\/uploads\/2022\/05\/©-2018-Amelie-Blanc-16-scaled.jpg","width":2560,"height":1706,"caption":"© 2018, Musée des beaux-arts du Locle. Photographie: Amélie Blanc. Tout droits réservés."},{"@type":"BreadcrumbList","@id":"https:\/\/www.mbal.ch\/evenement\/brunch-2\/?lang=en#breadcrumb","itemListElement":[{"@type":"ListItem","position":1,"name":"Accueil","item":"https:\/\/www.mbal.ch\/en\/"},{"@type":"ListItem","position":2,"name":"Brunch"}]},{"@type":"WebSite","@id":"https:\/\/www.mbal.ch\/#website","url":"https:\/\/www.mbal.ch\/","name":"MBAL","description":"Musée des beaux-arts du Locle","publisher":{"@id":"https:\/\/www.mbal.ch\/#organization"},"potentialAction":[{"@type":"SearchAction","target":{"@type":"EntryPoint","urlTemplate":"https:\/\/www.mbal.ch\/?s={search_term_string}"},"query-input":{"@type":"PropertyValueSpecification","valueRequired":true,"valueName":"search_term_string"}}],"inLanguage":"en-US"},{"@type":"Organization","@id":"https:\/\/www.mbal.ch\/#organization","name":"Musée des beaux-arts du Locle","url":"https:\/\/www.mbal.ch\/","logo":{"@type":"ImageObject","inLanguage":"en-US","@id":"https:\/\/www.mbal.ch\/#\/schema\/logo\/image\/","url":"https:\/\/www.mbal.ch\/mbalwp\/wp-content\/uploads\/2021\/01\/cropped-favicon_mbal.png","contentUrl":"https:\/\/www.mbal.ch\/mbalwp\/wp-content\/uploads\/2021\/01\/cropped-favicon_mbal.png","width":512,"height":512,"caption":"Musée des beaux-arts du Locle"},"image":{"@id":"https:\/\/www.mbal.ch\/#\/schema\/logo\/image\/"},"sameAs":["https:\/\/www.facebook.com\/mbalelocle\/?fref=ts","https:\/\/www.instagram.com\/mbalelocle\/"]}]}</script>
<!-- / Yoast SEO plugin. -->

© 2018, Musée des beaux-arts du Locle. Photographie: Amélie Blanc. Tout droits réservés.

Musée des beaux-arts du Locle
