{"id":2315,"date":"2021-08-31T11:16:54","date_gmt":"2021-08-31T09:16:54","guid":{"rendered":"https:\/\/www.mbal.ch\/evenement\/mbal-party\/"},"modified":"2021-08-31T11:16:54","modified_gmt":"2021-08-31T09:16:54","slug":"mbal-party","status":"publish","type":"agenda","link":"https:\/\/www.mbal.ch\/en\/evenement\/mbal-party\/","title":{"rendered":"MBAL PARTY"},"content":{"rendered":"\n<p>Apr\u00e8s 18 mois \u00e9prouvants, le MBAL invite le public \u00e0 se r\u00e9unir autour d\u2019un \u00e9v\u00e9nement festif. La MBAL Party est enfin l\u2019occasion de se retrouver et de renouer, tout en c\u00e9l\u00e9brant les expositions \u00ab&nbsp;Le Temps des artistes&nbsp;\u00bb et \u00ab&nbsp;Montagne Magique Mystique&nbsp;\u00bb en pr\u00e9sence des artistes !<\/p>\n\n\n\n<p class=\"has-white-color has-text-color\">.<\/p>\n\n\n\n<p><strong>AU PROGRAMME&nbsp;<\/strong><\/p>\n\n\n\n<div class=\"wp-block-group\"><div class=\"wp-block-group__inner-container is-layout-flow wp-block-group-is-layout-flow\">\n<p>15h &#8211; Performance de&nbsp;<a href=\"https:\/\/popkorncie.ch\/\">PopKorn Cie<\/a><\/p>\n\n\n\n<p>16h &#8211; Visite comment\u00e9e des expositions actuelles en pr\u00e9sence des artistes<\/p>\n\n\n\n<p>17h &#8211; Performance d\u2019<a href=\"https:\/\/www.letianguis.com\/jeanne-et-cie\">\u00c9lise Perrin<\/a><\/p>\n\n\n\n<p>18h &#8211; Performance musicale de&nbsp;<a href=\"https:\/\/www.septante-quatorze.ch\/\">My name is Fuzzy<\/a><\/p>\n<\/div><\/div>\n\n\n\n<p class=\"has-black-color has-text-color\"><br>Bar et petite restauration en continu&nbsp;<\/p>\n\n\n\n<p>Nous nous r\u00e9jouissons de vous retrouver !<\/p>\n","protected":false},"featured_media":2290,"template":"","agenda_category":[23],"class_list":["post-2315","agenda","type-agenda","status-publish","has-post-thumbnail","hentry","agenda_category-openings"],"acf":[],"yoast_head":"<!-- This site is optimized with the Yoast SEO plugin v27.4 - https:\/\/yoast.com\/product\/yoast-seo-wordpress\/ -->\n<title>MBAL PARTY - MBAL<\/title>\n<meta name=\"robots\" content=\"index, follow, max-snippet:-1, max-image-preview:large, max-video-preview:-1\" \/>\n<link rel=\"canonical\" href=\"https:\/\/www.mbal.ch\/en\/evenement\/mbal-party\/\" \/>\n<meta property=\"og:locale\" content=\"en_US\" \/>\n<meta property=\"og:type\" content=\"article\" \/>\n<meta property=\"og:title\" content=\"MBAL PARTY - MBAL\" \/>\n<meta property=\"og:description\" content=\"Apr\u00e8s 18 mois \u00e9prouvants, le MBAL invite le public \u00e0 se r\u00e9unir autour d\u2019un \u00e9v\u00e9nement festif. La MBAL Party est enfin l\u2019occasion de se retrouver et de renouer, tout en c\u00e9l\u00e9brant les expositions \u00ab&nbsp;Le Temps des artistes&nbsp;\u00bb et \u00ab&nbsp;Montagne Magique Mystique&nbsp;\u00bb en pr\u00e9sence des artistes ! . AU PROGRAMME&nbsp; 15h &#8211; Performance de&nbsp;PopKorn Cie 16h [&hellip;]\" \/>\n<meta property=\"og:url\" content=\"https:\/\/www.mbal.ch\/en\/evenement\/mbal-party\/\" \/>\n<meta property=\"og:site_name\" content=\"MBAL\" \/>\n<meta property=\"article:publisher\" content=\"https:\/\/www.facebook.com\/mbalelocle\/?fref=ts\" \/>\n<meta property=\"og:image\" content=\"https:\/\/www.mbal.ch\/mbalwp\/wp-content\/uploads\/2021\/08\/instagram-party.gif\" \/>\n\t<meta property=\"og:image:width\" content=\"1080\" \/>\n\t<meta property=\"og:image:height\" content=\"1080\" \/>\n\t<meta property=\"og:image:type\" content=\"image\/gif\" \/>\n<meta name=\"twitter:card\" content=\"summary_large_image\" \/>\n<meta name=\"twitter:label1\" content=\"Est. reading time\" \/>\n\t<meta name=\"twitter:data1\" content=\"1 minute\" \/>\n<script type=\"application\/ld+json\" class=\"yoast-schema-graph\">{\"@context\":\"https:\\\/\\\/schema.org\",\"@graph\":[{\"@type\":\"WebPage\",\"@id\":\"https:\\\/\\\/www.mbal.ch\\\/en\\\/evenement\\\/mbal-party\\\/\",\"url\":\"https:\\\/\\\/www.mbal.ch\\\/en\\\/evenement\\\/mbal-party\\\/\",\"name\":\"MBAL PARTY - MBAL\",\"isPartOf\":{\"@id\":\"https:\\\/\\\/www.mbal.ch\\\/#website\"},\"primaryImageOfPage\":{\"@id\":\"https:\\\/\\\/www.mbal.ch\\\/en\\\/evenement\\\/mbal-party\\\/#primaryimage\"},\"image\":{\"@id\":\"https:\\\/\\\/www.mbal.ch\\\/en\\\/evenement\\\/mbal-party\\\/#primaryimage\"},\"thumbnailUrl\":\"https:\\\/\\\/www.mbal.ch\\\/mbalwp\\\/wp-content\\\/uploads\\\/2021\\\/08\\\/instagram-party.gif\",\"datePublished\":\"2021-08-31T09:16:54+00:00\",\"breadcrumb\":{\"@id\":\"https:\\\/\\\/www.mbal.ch\\\/en\\\/evenement\\\/mbal-party\\\/#breadcrumb\"},\"inLanguage\":\"en-US\",\"potentialAction\":[{\"@type\":\"ReadAction\",\"target\":[\"https:\\\/\\\/www.mbal.ch\\\/en\\\/evenement\\\/mbal-party\\\/\"]}]},{\"@type\":\"ImageObject\",\"inLanguage\":\"en-US\",\"@id\":\"https:\\\/\\\/www.mbal.ch\\\/en\\\/evenement\\\/mbal-party\\\/#primaryimage\",\"url\":\"https:\\\/\\\/www.mbal.ch\\\/mbalwp\\\/wp-content\\\/uploads\\\/2021\\\/08\\\/instagram-party.gif\",\"contentUrl\":\"https:\\\/\\\/www.mbal.ch\\\/mbalwp\\\/wp-content\\\/uploads\\\/2021\\\/08\\\/instagram-party.gif\",\"width\":1080,\"height\":1080},{\"@type\":\"BreadcrumbList\",\"@id\":\"https:\\\/\\\/www.mbal.ch\\\/en\\\/evenement\\\/mbal-party\\\/#breadcrumb\",\"itemListElement\":[{\"@type\":\"ListItem\",\"position\":1,\"name\":\"Accueil\",\"item\":\"https:\\\/\\\/www.mbal.ch\\\/en\\\/\"},{\"@type\":\"ListItem\",\"position\":2,\"name\":\"MBAL PARTY\"}]},{\"@type\":\"WebSite\",\"@id\":\"https:\\\/\\\/www.mbal.ch\\\/#website\",\"url\":\"https:\\\/\\\/www.mbal.ch\\\/\",\"name\":\"MBAL\",\"description\":\"Mus\u00e9e des beaux-arts du Locle\",\"publisher\":{\"@id\":\"https:\\\/\\\/www.mbal.ch\\\/#organization\"},\"potentialAction\":[{\"@type\":\"SearchAction\",\"target\":{\"@type\":\"EntryPoint\",\"urlTemplate\":\"https:\\\/\\\/www.mbal.ch\\\/?s={search_term_string}\"},\"query-input\":{\"@type\":\"PropertyValueSpecification\",\"valueRequired\":true,\"valueName\":\"search_term_string\"}}],\"inLanguage\":\"en-US\"},{\"@type\":\"Organization\",\"@id\":\"https:\\\/\\\/www.mbal.ch\\\/#organization\",\"name\":\"Mus\u00e9e des beaux-arts du Locle\",\"url\":\"https:\\\/\\\/www.mbal.ch\\\/\",\"logo\":{\"@type\":\"ImageObject\",\"inLanguage\":\"en-US\",\"@id\":\"https:\\\/\\\/www.mbal.ch\\\/#\\\/schema\\\/logo\\\/image\\\/\",\"url\":\"https:\\\/\\\/www.mbal.ch\\\/mbalwp\\\/wp-content\\\/uploads\\\/2021\\\/01\\\/cropped-favicon_mbal.png\",\"contentUrl\":\"https:\\\/\\\/www.mbal.ch\\\/mbalwp\\\/wp-content\\\/uploads\\\/2021\\\/01\\\/cropped-favicon_mbal.png\",\"width\":512,\"height\":512,\"caption\":\"Mus\u00e9e des beaux-arts du Locle\"},\"image\":{\"@id\":\"https:\\\/\\\/www.mbal.ch\\\/#\\\/schema\\\/logo\\\/image\\\/\"},\"sameAs\":[\"https:\\\/\\\/www.facebook.com\\\/mbalelocle\\\/?fref=ts\",\"https:\\\/\\\/www.instagram.com\\\/mbalelocle\\\/\"]}]}<\/script>\n<!-- \/ Yoast SEO plugin. -->","yoast_head_json":{"title":"MBAL PARTY - MBAL","robots":{"index":"index","follow":"follow","max-snippet":"max-snippet:-1","max-image-preview":"max-image-preview:large","max-video-preview":"max-video-preview:-1"},"canonical":"https:\/\/www.mbal.ch\/en\/evenement\/mbal-party\/","og_locale":"en_US","og_type":"article","og_title":"MBAL PARTY - MBAL","og_description":"Apr\u00e8s 18 mois \u00e9prouvants, le MBAL invite le public \u00e0 se r\u00e9unir autour d\u2019un \u00e9v\u00e9nement festif. La MBAL Party est enfin l\u2019occasion de se retrouver et de renouer, tout en c\u00e9l\u00e9brant les expositions \u00ab&nbsp;Le Temps des artistes&nbsp;\u00bb et \u00ab&nbsp;Montagne Magique Mystique&nbsp;\u00bb en pr\u00e9sence des artistes ! . AU PROGRAMME&nbsp; 15h &#8211; Performance de&nbsp;PopKorn Cie 16h [&hellip;]","og_url":"https:\/\/www.mbal.ch\/en\/evenement\/mbal-party\/","og_site_name":"MBAL","article_publisher":"https:\/\/www.facebook.com\/mbalelocle\/?fref=ts","og_image":[{"width":1080,"height":1080,"url":"https:\/\/www.mbal.ch\/mbalwp\/wp-content\/uploads\/2021\/08\/instagram-party.gif","type":"image\/gif"}],"twitter_card":"summary_large_image","twitter_misc":{"Est. reading time":"1 minute"},"schema":{"@context":"https:\/\/schema.org","@graph":[{"@type":"WebPage","@id":"https:\/\/www.mbal.ch\/en\/evenement\/mbal-party\/","url":"https:\/\/www.mbal.ch\/en\/evenement\/mbal-party\/","name":"MBAL PARTY - MBAL","isPartOf":{"@id":"https:\/\/www.mbal.ch\/#website"},"primaryImageOfPage":{"@id":"https:\/\/www.mbal.ch\/en\/evenement\/mbal-party\/#primaryimage"},"image":{"@id":"https:\/\/www.mbal.ch\/en\/evenement\/mbal-party\/#primaryimage"},"thumbnailUrl":"https:\/\/www.mbal.ch\/mbalwp\/wp-content\/uploads\/2021\/08\/instagram-party.gif","datePublished":"2021-08-31T09:16:54+00:00","breadcrumb":{"@id":"https:\/\/www.mbal.ch\/en\/evenement\/mbal-party\/#breadcrumb"},"inLanguage":"en-US","potentialAction":[{"@type":"ReadAction","target":["https:\/\/www.mbal.ch\/en\/evenement\/mbal-party\/"]}]},{"@type":"ImageObject","inLanguage":"en-US","@id":"https:\/\/www.mbal.ch\/en\/evenement\/mbal-party\/#primaryimage","url":"https:\/\/www.mbal.ch\/mbalwp\/wp-content\/uploads\/2021\/08\/instagram-party.gif","contentUrl":"https:\/\/www.mbal.ch\/mbalwp\/wp-content\/uploads\/2021\/08\/instagram-party.gif","width":1080,"height":1080},{"@type":"BreadcrumbList","@id":"https:\/\/www.mbal.ch\/en\/evenement\/mbal-party\/#breadcrumb","itemListElement":[{"@type":"ListItem","position":1,"name":"Accueil","item":"https:\/\/www.mbal.ch\/en\/"},{"@type":"ListItem","position":2,"name":"MBAL PARTY"}]},{"@type":"WebSite","@id":"https:\/\/www.mbal.ch\/#website","url":"https:\/\/www.mbal.ch\/","name":"MBAL","description":"Mus\u00e9e des beaux-arts du Locle","publisher":{"@id":"https:\/\/www.mbal.ch\/#organization"},"potentialAction":[{"@type":"SearchAction","target":{"@type":"EntryPoint","urlTemplate":"https:\/\/www.mbal.ch\/?s={search_term_string}"},"query-input":{"@type":"PropertyValueSpecification","valueRequired":true,"valueName":"search_term_string"}}],"inLanguage":"en-US"},{"@type":"Organization","@id":"https:\/\/www.mbal.ch\/#organization","name":"Mus\u00e9e des beaux-arts du Locle","url":"https:\/\/www.mbal.ch\/","logo":{"@type":"ImageObject","inLanguage":"en-US","@id":"https:\/\/www.mbal.ch\/#\/schema\/logo\/image\/","url":"https:\/\/www.mbal.ch\/mbalwp\/wp-content\/uploads\/2021\/01\/cropped-favicon_mbal.png","contentUrl":"https:\/\/www.mbal.ch\/mbalwp\/wp-content\/uploads\/2021\/01\/cropped-favicon_mbal.png","width":512,"height":512,"caption":"Mus\u00e9e des beaux-arts du Locle"},"image":{"@id":"https:\/\/www.mbal.ch\/#\/schema\/logo\/image\/"},"sameAs":["https:\/\/www.facebook.com\/mbalelocle\/?fref=ts","https:\/\/www.instagram.com\/mbalelocle\/"]}]}},"_links":{"self":[{"href":"https:\/\/www.mbal.ch\/en\/wp-json\/wp\/v2\/agenda\/2315","targetHints":{"allow":["GET"]}}],"collection":[{"href":"https:\/\/www.mbal.ch\/en\/wp-json\/wp\/v2\/agenda"}],"about":[{"href":"https:\/\/www.mbal.ch\/en\/wp-json\/wp\/v2\/types\/agenda"}],"wp:featuredmedia":[{"embeddable":true,"href":"https:\/\/www.mbal.ch\/en\/wp-json\/wp\/v2\/media\/2290"}],"wp:attachment":[{"href":"https:\/\/www.mbal.ch\/en\/wp-json\/wp\/v2\/media?parent=2315"}],"wp:term":[{"taxonomy":"agenda_category","embeddable":true,"href":"https:\/\/www.mbal.ch\/en\/wp-json\/wp\/v2\/agenda_category?post=2315"}],"curies":[{"name":"wp","href":"https:\/\/api.w.org\/{rel}","templated":true}]}}

<p>Après 18 mois éprouvants, le MBAL invite le public à se réunir autour d’un événement festif. La MBAL Party est enfin l’occasion de se retrouver et de renouer, tout en célébrant les expositions «&nbsp;Le Temps des artistes&nbsp;» et «&nbsp;Montagne Magique Mystique&nbsp;» en présence des artistes !</p>



<p class="has-white-color has-text-color">.</p>



<p><strong>AU PROGRAMME&nbsp;</strong></p>



<div class="wp-block-group"><div class="wp-block-group__inner-container is-layout-flow wp-block-group-is-layout-flow">
<p>15h &#8211; Performance de&nbsp;<a href="https://popkorncie.ch/">PopKorn Cie</a></p>



<p>16h &#8211; Visite commentée des expositions actuelles en présence des artistes</p>



<p>17h &#8211; Performance d’<a href="https://www.letianguis.com/jeanne-et-cie">Élise Perrin</a></p>



<p>18h &#8211; Performance musicale de&nbsp;<a href="https://www.septante-quatorze.ch/">My name is Fuzzy</a></p>
</div></div>



<p class="has-black-color has-text-color"><br>Bar et petite restauration en continu&nbsp;</p>



<p>Nous nous réjouissons de vous retrouver !</p>

<!-- This site is optimized with the Yoast SEO plugin v27.4 - https://yoast.com/product/yoast-seo-wordpress/ -->
<title>MBAL PARTY - MBAL</title>
<meta name="robots" content="index, follow, max-snippet:-1, max-image-preview:large, max-video-preview:-1" />
<link rel="canonical" href="https://www.mbal.ch/en/evenement/mbal-party/" />
<meta property="og:locale" content="en_US" />
<meta property="og:type" content="article" />
<meta property="og:title" content="MBAL PARTY - MBAL" />
<meta property="og:description" content="Après 18 mois éprouvants, le MBAL invite le public à se réunir autour d’un événement festif. La MBAL Party est enfin l’occasion de se retrouver et de renouer, tout en célébrant les expositions «&nbsp;Le Temps des artistes&nbsp;» et «&nbsp;Montagne Magique Mystique&nbsp;» en présence des artistes ! . AU PROGRAMME&nbsp; 15h &#8211; Performance de&nbsp;PopKorn Cie 16h [&hellip;]" />
<meta property="og:url" content="https://www.mbal.ch/en/evenement/mbal-party/" />
<meta property="og:site_name" content="MBAL" />
<meta property="article:publisher" content="https://www.facebook.com/mbalelocle/?fref=ts" />
<meta property="og:image" content="https://www.mbal.ch/mbalwp/wp-content/uploads/2021/08/instagram-party.gif" />
	<meta property="og:image:width" content="1080" />
	<meta property="og:image:height" content="1080" />
	<meta property="og:image:type" content="image/gif" />
<meta name="twitter:card" content="summary_large_image" />
<meta name="twitter:label1" content="Est. reading time" />
	<meta name="twitter:data1" content="1 minute" />
<script type="application/ld+json" class="yoast-schema-graph">{"@context":"https:\/\/schema.org","@graph":[{"@type":"WebPage","@id":"https:\/\/www.mbal.ch\/en\/evenement\/mbal-party\/","url":"https:\/\/www.mbal.ch\/en\/evenement\/mbal-party\/","name":"MBAL PARTY - MBAL","isPartOf":{"@id":"https:\/\/www.mbal.ch\/#website"},"primaryImageOfPage":{"@id":"https:\/\/www.mbal.ch\/en\/evenement\/mbal-party\/#primaryimage"},"image":{"@id":"https:\/\/www.mbal.ch\/en\/evenement\/mbal-party\/#primaryimage"},"thumbnailUrl":"https:\/\/www.mbal.ch\/mbalwp\/wp-content\/uploads\/2021\/08\/instagram-party.gif","datePublished":"2021-08-31T09:16:54+00:00","breadcrumb":{"@id":"https:\/\/www.mbal.ch\/en\/evenement\/mbal-party\/#breadcrumb"},"inLanguage":"en-US","potentialAction":[{"@type":"ReadAction","target":["https:\/\/www.mbal.ch\/en\/evenement\/mbal-party\/"]}]},{"@type":"ImageObject","inLanguage":"en-US","@id":"https:\/\/www.mbal.ch\/en\/evenement\/mbal-party\/#primaryimage","url":"https:\/\/www.mbal.ch\/mbalwp\/wp-content\/uploads\/2021\/08\/instagram-party.gif","contentUrl":"https:\/\/www.mbal.ch\/mbalwp\/wp-content\/uploads\/2021\/08\/instagram-party.gif","width":1080,"height":1080},{"@type":"BreadcrumbList","@id":"https:\/\/www.mbal.ch\/en\/evenement\/mbal-party\/#breadcrumb","itemListElement":[{"@type":"ListItem","position":1,"name":"Accueil","item":"https:\/\/www.mbal.ch\/en\/"},{"@type":"ListItem","position":2,"name":"MBAL PARTY"}]},{"@type":"WebSite","@id":"https:\/\/www.mbal.ch\/#website","url":"https:\/\/www.mbal.ch\/","name":"MBAL","description":"Musée des beaux-arts du Locle","publisher":{"@id":"https:\/\/www.mbal.ch\/#organization"},"potentialAction":[{"@type":"SearchAction","target":{"@type":"EntryPoint","urlTemplate":"https:\/\/www.mbal.ch\/?s={search_term_string}"},"query-input":{"@type":"PropertyValueSpecification","valueRequired":true,"valueName":"search_term_string"}}],"inLanguage":"en-US"},{"@type":"Organization","@id":"https:\/\/www.mbal.ch\/#organization","name":"Musée des beaux-arts du Locle","url":"https:\/\/www.mbal.ch\/","logo":{"@type":"ImageObject","inLanguage":"en-US","@id":"https:\/\/www.mbal.ch\/#\/schema\/logo\/image\/","url":"https:\/\/www.mbal.ch\/mbalwp\/wp-content\/uploads\/2021\/01\/cropped-favicon_mbal.png","contentUrl":"https:\/\/www.mbal.ch\/mbalwp\/wp-content\/uploads\/2021\/01\/cropped-favicon_mbal.png","width":512,"height":512,"caption":"Musée des beaux-arts du Locle"},"image":{"@id":"https:\/\/www.mbal.ch\/#\/schema\/logo\/image\/"},"sameAs":["https:\/\/www.facebook.com\/mbalelocle\/?fref=ts","https:\/\/www.instagram.com\/mbalelocle\/"]}]}</script>
<!-- / Yoast SEO plugin. -->

Après 18 mois éprouvants, le MBAL invite le public à se réunir autour d’un événement festif. La MBAL Party est enfin l’occasion de se retrouver et de renouer, tout en célébrant les expositions «&nbsp;Le Temps des artistes&nbsp;» et «&nbsp;Montagne Magique Mystique&nbsp;» en présence des artistes ! . AU PROGRAMME&nbsp; 15h &#8211; Performance de&nbsp;PopKorn Cie 16h [&hellip;]

Musée des beaux-arts du Locle
